{"id":1165,"date":"2021-01-15T17:56:10","date_gmt":"2021-01-15T16:56:10","guid":{"rendered":"http:\/\/www.diap7.fr\/wordpress\/?page_id=1165"},"modified":"2024-01-12T09:55:53","modified_gmt":"2024-01-12T08:55:53","slug":"paysages-dhiver-et-de-neige","status":"publish","type":"page","link":"https:\/\/www.diap7.fr\/wordpress\/passion-photo\/paysages-dhiver-et-de-neige\/","title":{"rendered":"Paysages d&rsquo;hiver et de neige"},"content":{"rendered":"\n<p class=\"eplus-uQa3Sv has-text-align-center has-stk-global-color-97462-color has-text-color eplus-wrapper\">Passion-Photo : Prises de vues en Noir et Blanc &#8211; Paysages d&rsquo;hiver et de neige<\/p>\n\n\n\n<div style=\"height:37px\" aria-hidden=\"true\" class=\"eplus-vLyJ4w wp-block-spacer eplus-wrapper\"><\/div>\n\n\n<div class=\"eplus-dZn8hR wp-block-media-text alignwide is-stacked-on-mobile eplus-wrapper eplus-styles-uid-9a4231\"><figure class=\"wp-block-media-text__media\"><img loading=\"lazy\" decoding=\"async\" width=\"540\" height=\"363\" src=\"https:\/\/www.diap7.fr\/wordpress\/wp-content\/uploads\/passion-photo\/numero-8.jpg\" alt=\"\" class=\"wp-image-13 size-full\" srcset=\"https:\/\/www.diap7.fr\/wordpress\/wp-content\/uploads\/passion-photo\/numero-8.jpg 540w, https:\/\/www.diap7.fr\/wordpress\/wp-content\/uploads\/passion-photo\/numero-8-300x202.jpg 300w\" sizes=\"auto, (max-width: 540px) 100vw, 540px\" \/><\/figure><div class=\"wp-block-media-text__content\">\n<p class=\"eplus-rbNlyn has-text-align-center has-medium-font-size eplus-wrapper\">Pour certaines personnes, l\u2019hiver est une saison difficile \u00e0 passer et \u00e0 \u00e9viter par tout les moyens possibles. Pourtant, il s\u2019agit d\u2019une saison visuellement magnifique \u00e0 cause de la neige et des paysages \u00e0 couper le souffle qu\u2019elle procure \u00e0 la nature.<\/p>\n<\/div><\/div>\n\n\n<div style=\"height:50px\" aria-hidden=\"true\" class=\"eplus-vDGnAO wp-block-spacer eplus-wrapper\"><\/div>\n\n\n\n<h2 class=\"eplus-KnIixM wp-block-heading eplus-wrapper\">Nos 7 conseils pour am\u00e9liorer votre pratique de la photo en noir &amp; blanc<\/h2>\n\n\n\n<p class=\"eplus-dzUzEv eplus-wrapper\">Par&nbsp;<strong><a href=\"https:\/\/www.lesnumeriques.com\/auteur\/359\/samuel-boivin\" target=\"_blank\" rel=\"noreferrer noopener\">Samuel Boivin<\/a><\/strong><\/p>\n\n\n<p class=\"eplus-2h7PWU eplus-wrapper eplus-styles-uid-24b8d8\">\u00ab\u00a0Notre \u0153il \u00e9tant habitu\u00e9 \u00e0 voir le monde en couleur, il n\u2019est pas \u00e9vident pour un novice de l&rsquo;imaginer en noir et blanc et d\u2019anticiper la prise. Le premier r\u00e9flexe est bien souvent de se fier aux couleurs et de composer en fonction, alors qu\u2019en photo monochrome les couleurs vont \u00eatre \u00e9cras\u00e9es pour ne plus donner qu\u2019un amas de niveaux de gris fade o\u00f9 rien ne se d\u00e9tache. Une fois d\u00e9satur\u00e9s, par exemple, le rouge et le bleu sont tr\u00e8s proches.<\/p>\n\n<p class=\"eplus-5mvxak eplus-wrapper eplus-styles-uid-24b8d8\">En photographie noir et blanc, il donc est primordial d\u2019attacher votre attention aux formes, aux textures, \u00e0 la lumi\u00e8re et son contraste afin de d\u00e9tacher le sujet de l\u2019arri\u00e8re-plan, ce sont ces \u00e9l\u00e9ments qui donneront un cachet \u00e0 votre photo, pour cela vous allez devoir apprendre \u00e0 \u00eatre un excellent observateur.\u00a0\u00bb<\/p>\n\n\n<p class=\"eplus-SYx1BD eplus-wrapper\"><a href=\"https:\/\/www.lesnumeriques.com\/photo\/nos-7-conseils-pour-ameliorer-votre-pratique-de-la-photo-en-noir-blanc-a147119.amp.html\" target=\"_blank\" rel=\"noreferrer noopener\">https:\/\/www.lesnumeriques.com\/photo\/nos-7-conseils-pour-ameliorer-votre-pratique-de-la-photo-en-noir-blanc-a147119.amp.html<\/a><\/p>\n\n\n\n<p class=\"eplus-80tG4o eplus-wrapper\"><a href=\"https:\/\/www.lesnumeriques.com\/photo\/la-photographie-en-noir-blanc-le-paysage-pu100925.html\" target=\"_blank\" rel=\"noreferrer noopener\">https:\/\/www.lesnumeriques.com\/photo\/la-photographie-en-noir-blanc-le-paysage-pu100925.html<\/a><\/p>\n\n\n\n<h2 class=\"eplus-D4O9XP wp-block-heading eplus-wrapper\">Les plus vieux arbres du monde photographi\u00e9s par Beth Moon<\/h2>\n\n\n<p class=\"eplus-L9ifXm eplus-wrapper eplus-styles-uid-24b8d8\">Passionn\u00e9e et amoureuse des arbres depuis sa plus tendre enfance, Beth Moon leur a consacr\u00e9 un livre de toute beaut\u00e9.<\/p>\n\n\n<p class=\"eplus-LMkDTo eplus-wrapper\">Pr\u00e9sentation&nbsp;par&nbsp;&nbsp;<a href=\"https:\/\/positivr.fr\/author\/axel-leclercq\/?amp\" target=\"_blank\" rel=\"noreferrer noopener\">Axel Leclercq<\/a>&nbsp;<\/p>\n\n\n\n<figure class=\"eplus-Wa0ZmS wp-block-image size-large eplus-wrapper\"><img loading=\"lazy\" decoding=\"async\" width=\"695\" height=\"556\" src=\"https:\/\/www.diap7.fr\/wordpress\/wp-content\/uploads\/passion-photo\/photos-arbres-anciens-beth-moon-3.jpg\" alt=\"\" class=\"wp-image-1192\" srcset=\"https:\/\/www.diap7.fr\/wordpress\/wp-content\/uploads\/passion-photo\/photos-arbres-anciens-beth-moon-3.jpg 695w, https:\/\/www.diap7.fr\/wordpress\/wp-content\/uploads\/passion-photo\/photos-arbres-anciens-beth-moon-3-300x240.jpg 300w\" sizes=\"auto, (max-width: 695px) 100vw, 695px\" \/><\/figure>\n\n\n\n<p class=\"eplus-vXN0it eplus-wrapper\">Photo :&nbsp;<a href=\"https:\/\/bethmoon.com\/\" rel=\"noreferrer noopener\" target=\"_blank\">Beth Moon<\/a><\/p>\n\n\n<p class=\"eplus-3P2p1u eplus-wrapper eplus-styles-uid-24b8d8\">Beth Moon a voyag\u00e9 pendant 14 ans \u00e0 la recherche des arbres les plus vieux et les plus beaux de notre plan\u00e8te.<br>\u00ab\u00a0Mon int\u00e9r\u00eat pour la photographie a vraiment commenc\u00e9 lorsque j\u2019ai commenc\u00e9 \u00e0 \u00ab\u00a0visiter\u00a0\u00bb les vieux arbres.\u00a0\u00bb<br>D\u00e9couvrir la pr\u00e9sentation :\u00a0<a href=\"https:\/\/positivr.fr\/photos-arbres-anciens-beth-moon\/?amp\" target=\"_blank\" rel=\"noreferrer noopener\">https:\/\/positivr.fr\/photos-arbres-anciens-beth-moon\/?amp<\/a><\/p>\n\n\n<h2 class=\"eplus-VRls3k wp-block-heading eplus-wrapper\">SUPERBES PHOTOGRAPHIES DE PAYSAGES D\u2019HIVER ET DE NEIGE<\/h2>\n\n\n\n<div class=\"wp-block-stackable-columns stk-block-columns stk-block stk-8edb47d\" data-block-id=\"8edb47d\"><div class=\"stk-row stk-inner-blocks stk-block-content stk-content-align stk-8edb47d-column\">\n<div class=\"wp-block-stackable-column stk-block-column stk-column stk-block stk-a4fac00\" data-v=\"4\" data-block-id=\"a4fac00\"><div class=\"stk-column-wrapper stk-block-column__content stk-container stk-a4fac00-container stk--no-background stk--no-padding\"><div class=\"stk-block-content stk-inner-blocks stk-a4fac00-inner-blocks\">\n<figure class=\"eplus-EbUp10 wp-block-gallery has-nested-images columns-3 is-cropped eplus-wrapper wp-block-gallery-1 is-layout-flex wp-block-gallery-is-layout-flex\">\n<figure class=\" wp-block-image size-large eplus-wrapper\"><img loading=\"lazy\" decoding=\"async\" width=\"550\" height=\"407\" data-id=\"1194\" src=\"https:\/\/www.diap7.fr\/wordpress\/wp-content\/uploads\/passion-photo\/paysage-hiver-201.jpg\" alt=\"\" class=\"wp-image-1194\" srcset=\"https:\/\/www.diap7.fr\/wordpress\/wp-content\/uploads\/passion-photo\/paysage-hiver-201.jpg 550w, https:\/\/www.diap7.fr\/wordpress\/wp-content\/uploads\/passion-photo\/paysage-hiver-201-300x222.jpg 300w\" sizes=\"auto, (max-width: 550px) 100vw, 550px\" \/><\/figure>\n\n\n\n<figure class=\" wp-block-image size-large eplus-wrapper\"><img loading=\"lazy\" decoding=\"async\" width=\"550\" height=\"411\" data-id=\"1193\" src=\"https:\/\/www.diap7.fr\/wordpress\/wp-content\/uploads\/passion-photo\/paysage-hiver-411.jpg\" alt=\"\" class=\"wp-image-1193\" srcset=\"https:\/\/www.diap7.fr\/wordpress\/wp-content\/uploads\/passion-photo\/paysage-hiver-411.jpg 550w, https:\/\/www.diap7.fr\/wordpress\/wp-content\/uploads\/passion-photo\/paysage-hiver-411-300x224.jpg 300w\" sizes=\"auto, (max-width: 550px) 100vw, 550px\" \/><\/figure>\n\n\n\n<figure class=\" wp-block-image size-large eplus-wrapper\"><img loading=\"lazy\" decoding=\"async\" width=\"550\" height=\"365\" data-id=\"1195\" src=\"https:\/\/www.diap7.fr\/wordpress\/wp-content\/uploads\/passion-photo\/paysage-hiver-351.jpg\" alt=\"\" class=\"wp-image-1195\" srcset=\"https:\/\/www.diap7.fr\/wordpress\/wp-content\/uploads\/passion-photo\/paysage-hiver-351.jpg 550w, https:\/\/www.diap7.fr\/wordpress\/wp-content\/uploads\/passion-photo\/paysage-hiver-351-300x199.jpg 300w, https:\/\/www.diap7.fr\/wordpress\/wp-content\/uploads\/passion-photo\/paysage-hiver-351-360x240.jpg 360w\" sizes=\"auto, (max-width: 550px) 100vw, 550px\" \/><\/figure>\n<\/figure>\n<\/div><\/div><\/div>\n<\/div><\/div>\n","protected":false},"excerpt":{"rendered":"<p>Passion-Photo : Prises de vues en Noir et Blanc &#8211; Paysages d&rsquo;hiver et de neige Pour certaines personnes, l\u2019hiver est une saison difficile \u00e0 passer et \u00e0 \u00e9viter par tout les moyens possibles. Pourtant, il s\u2019agit d\u2019une saison visuellement magnifique \u00e0 cause de la neige et des paysages \u00e0 couper [&hellip;]<\/p>\n","protected":false},"author":1,"featured_media":939,"parent":5,"menu_order":5,"comment_status":"closed","ping_status":"closed","template":"page-templates\/template-fullwidth.php","meta":{"_coblocks_attr":"","_coblocks_dimensions":"","_coblocks_responsive_height":"","_coblocks_accordion_ie_support":"","editor_plus_copied_stylings":"{}","_themeisle_gutenberg_block_has_review":false,"footnotes":""},"class_list":["post-1165","page","type-page","status-publish","has-post-thumbnail","hentry"],"featured_image_urls_v2":{"full":["https:\/\/www.diap7.fr\/wordpress\/wp-content\/uploads\/entete\/cropped-snow-covered-1209595_1920.jpg",1920,668,false],"thumbnail":["https:\/\/www.diap7.fr\/wordpress\/wp-content\/uploads\/entete\/cropped-snow-covered-1209595_1920-150x150.jpg",150,150,true],"medium":["https:\/\/www.diap7.fr\/wordpress\/wp-content\/uploads\/entete\/cropped-snow-covered-1209595_1920-300x104.jpg",300,104,true],"medium_large":["https:\/\/www.diap7.fr\/wordpress\/wp-content\/uploads\/entete\/cropped-snow-covered-1209595_1920-768x267.jpg",750,261,true],"large":["https:\/\/www.diap7.fr\/wordpress\/wp-content\/uploads\/entete\/cropped-snow-covered-1209595_1920-1024x356.jpg",750,261,true],"1536x1536":["https:\/\/www.diap7.fr\/wordpress\/wp-content\/uploads\/entete\/cropped-snow-covered-1209595_1920-1536x534.jpg",1536,534,true],"2048x2048":["https:\/\/www.diap7.fr\/wordpress\/wp-content\/uploads\/entete\/cropped-snow-covered-1209595_1920.jpg",1920,668,false],"hestia-blog":["https:\/\/www.diap7.fr\/wordpress\/wp-content\/uploads\/entete\/cropped-snow-covered-1209595_1920-360x240.jpg",360,240,true]},"post_excerpt_stackable_v2":"<p>Passion-Photo : Prises de vues en Noir et Blanc &#8211; Paysages d&rsquo;hiver et de neige Pour certaines personnes, l\u2019hiver est une saison difficile \u00e0 passer et \u00e0 \u00e9viter par tout les moyens possibles. Pourtant, il s\u2019agit d\u2019une saison visuellement magnifique \u00e0 cause de la neige et des paysages \u00e0 couper le souffle qu\u2019elle procure \u00e0 la nature. Nos 7 conseils pour am\u00e9liorer votre pratique de la photo en noir &amp; blanc Par&nbsp;Samuel Boivin \u00ab\u00a0Notre \u0153il \u00e9tant habitu\u00e9 \u00e0 voir le monde en couleur, il n\u2019est pas \u00e9vident pour un novice de l&rsquo;imaginer en noir et blanc et d\u2019anticiper la prise.\u2026<\/p>\n","category_list_v2":"","author_info_v2":{"name":"Georges7","url":"https:\/\/www.diap7.fr\/wordpress\/author\/georges7\/"},"comments_num_v2":"0 commentaire","featured_image_src":"https:\/\/www.diap7.fr\/wordpress\/wp-content\/uploads\/entete\/cropped-snow-covered-1209595_1920.jpg","_links":{"self":[{"href":"https:\/\/www.diap7.fr\/wordpress\/wp-json\/wp\/v2\/pages\/1165","targetHints":{"allow":["GET"]}}],"collection":[{"href":"https:\/\/www.diap7.fr\/wordpress\/wp-json\/wp\/v2\/pages"}],"about":[{"href":"https:\/\/www.diap7.fr\/wordpress\/wp-json\/wp\/v2\/types\/page"}],"author":[{"embeddable":true,"href":"https:\/\/www.diap7.fr\/wordpress\/wp-json\/wp\/v2\/users\/1"}],"replies":[{"embeddable":true,"href":"https:\/\/www.diap7.fr\/wordpress\/wp-json\/wp\/v2\/comments?post=1165"}],"version-history":[{"count":1,"href":"https:\/\/www.diap7.fr\/wordpress\/wp-json\/wp\/v2\/pages\/1165\/revisions"}],"predecessor-version":[{"id":3104,"href":"https:\/\/www.diap7.fr\/wordpress\/wp-json\/wp\/v2\/pages\/1165\/revisions\/3104"}],"up":[{"embeddable":true,"href":"https:\/\/www.diap7.fr\/wordpress\/wp-json\/wp\/v2\/pages\/5"}],"wp:featuredmedia":[{"embeddable":true,"href":"https:\/\/www.diap7.fr\/wordpress\/wp-json\/wp\/v2\/media\/939"}],"wp:attachment":[{"href":"https:\/\/www.diap7.fr\/wordpress\/wp-json\/wp\/v2\/media?parent=1165"}],"curies":[{"name":"wp","href":"https:\/\/api.w.org\/{rel}","templated":true}]}}

<p class="eplus-uQa3Sv has-text-align-center has-stk-global-color-97462-color has-text-color eplus-wrapper">Passion-Photo : Prises de vues en Noir et Blanc &#8211; Paysages d&rsquo;hiver et de neige</p>



<div style="height:37px" aria-hidden="true" class="eplus-vLyJ4w wp-block-spacer eplus-wrapper"></div>


<div class="eplus-dZn8hR wp-block-media-text alignwide is-stacked-on-mobile eplus-wrapper eplus-styles-uid-9a4231"><figure class="wp-block-media-text__media"><img loading="lazy" decoding="async" width="540" height="363" src="https://www.diap7.fr/wordpress/wp-content/uploads/passion-photo/numero-8.jpg" alt="" class="wp-image-13 size-full" srcset="https://www.diap7.fr/wordpress/wp-content/uploads/passion-photo/numero-8.jpg 540w, https://www.diap7.fr/wordpress/wp-content/uploads/passion-photo/numero-8-300x202.jpg 300w" sizes="auto, (max-width: 540px) 100vw, 540px" /></figure><div class="wp-block-media-text__content">
<p class="eplus-rbNlyn has-text-align-center has-medium-font-size eplus-wrapper">Pour certaines personnes, l’hiver est une saison difficile à passer et à éviter par tout les moyens possibles. Pourtant, il s’agit d’une saison visuellement magnifique à cause de la neige et des paysages à couper le souffle qu’elle procure à la nature.</p>
</div></div>


<div style="height:50px" aria-hidden="true" class="eplus-vDGnAO wp-block-spacer eplus-wrapper"></div>



<h2 class="eplus-KnIixM wp-block-heading eplus-wrapper">Nos 7 conseils pour améliorer votre pratique de la photo en noir &amp; blanc</h2>



<p class="eplus-dzUzEv eplus-wrapper">Par&nbsp;<strong><a href="https://www.lesnumeriques.com/auteur/359/samuel-boivin" target="_blank" rel="noreferrer noopener">Samuel Boivin</a></strong></p>


<p class="eplus-2h7PWU eplus-wrapper eplus-styles-uid-24b8d8">« Notre œil étant habitué à voir le monde en couleur, il n’est pas évident pour un novice de l&rsquo;imaginer en noir et blanc et d’anticiper la prise. Le premier réflexe est bien souvent de se fier aux couleurs et de composer en fonction, alors qu’en photo monochrome les couleurs vont être écrasées pour ne plus donner qu’un amas de niveaux de gris fade où rien ne se détache. Une fois désaturés, par exemple, le rouge et le bleu sont très proches.</p>

<p class="eplus-5mvxak eplus-wrapper eplus-styles-uid-24b8d8">En photographie noir et blanc, il donc est primordial d’attacher votre attention aux formes, aux textures, à la lumière et son contraste afin de détacher le sujet de l’arrière-plan, ce sont ces éléments qui donneront un cachet à votre photo, pour cela vous allez devoir apprendre à être un excellent observateur. »</p>


<p class="eplus-SYx1BD eplus-wrapper"><a href="https://www.lesnumeriques.com/photo/nos-7-conseils-pour-ameliorer-votre-pratique-de-la-photo-en-noir-blanc-a147119.amp.html" target="_blank" rel="noreferrer noopener">https://www.lesnumeriques.com/photo/nos-7-conseils-pour-ameliorer-votre-pratique-de-la-photo-en-noir-blanc-a147119.amp.html</a></p>



<p class="eplus-80tG4o eplus-wrapper"><a href="https://www.lesnumeriques.com/photo/la-photographie-en-noir-blanc-le-paysage-pu100925.html" target="_blank" rel="noreferrer noopener">https://www.lesnumeriques.com/photo/la-photographie-en-noir-blanc-le-paysage-pu100925.html</a></p>



<h2 class="eplus-D4O9XP wp-block-heading eplus-wrapper">Les plus vieux arbres du monde photographiés par Beth Moon</h2>


<p class="eplus-L9ifXm eplus-wrapper eplus-styles-uid-24b8d8">Passionnée et amoureuse des arbres depuis sa plus tendre enfance, Beth Moon leur a consacré un livre de toute beauté.</p>


<p class="eplus-LMkDTo eplus-wrapper">Présentation&nbsp;par&nbsp;&nbsp;<a href="https://positivr.fr/author/axel-leclercq/?amp" target="_blank" rel="noreferrer noopener">Axel Leclercq</a>&nbsp;</p>



<figure class="eplus-Wa0ZmS wp-block-image size-large eplus-wrapper"><img loading="lazy" decoding="async" width="695" height="556" src="https://www.diap7.fr/wordpress/wp-content/uploads/passion-photo/photos-arbres-anciens-beth-moon-3.jpg" alt="" class="wp-image-1192" srcset="https://www.diap7.fr/wordpress/wp-content/uploads/passion-photo/photos-arbres-anciens-beth-moon-3.jpg 695w, https://www.diap7.fr/wordpress/wp-content/uploads/passion-photo/photos-arbres-anciens-beth-moon-3-300x240.jpg 300w" sizes="auto, (max-width: 695px) 100vw, 695px" /></figure>



<p class="eplus-vXN0it eplus-wrapper">Photo :&nbsp;<a href="https://bethmoon.com/" rel="noreferrer noopener" target="_blank">Beth Moon</a></p>


<p class="eplus-3P2p1u eplus-wrapper eplus-styles-uid-24b8d8">Beth Moon a voyagé pendant 14 ans à la recherche des arbres les plus vieux et les plus beaux de notre planète.<br>« Mon intérêt pour la photographie a vraiment commencé lorsque j’ai commencé à « visiter » les vieux arbres. »<br>Découvrir la présentation : <a href="https://positivr.fr/photos-arbres-anciens-beth-moon/?amp" target="_blank" rel="noreferrer noopener">https://positivr.fr/photos-arbres-anciens-beth-moon/?amp</a></p>


<h2 class="eplus-VRls3k wp-block-heading eplus-wrapper">SUPERBES PHOTOGRAPHIES DE PAYSAGES D’HIVER ET DE NEIGE</h2>



<div class="wp-block-stackable-columns stk-block-columns stk-block stk-8edb47d" data-block-id="8edb47d"><div class="stk-row stk-inner-blocks stk-block-content stk-content-align stk-8edb47d-column">
<div class="wp-block-stackable-column stk-block-column stk-column stk-block stk-a4fac00" data-v="4" data-block-id="a4fac00"><div class="stk-column-wrapper stk-block-column__content stk-container stk-a4fac00-container stk--no-background stk--no-padding"><div class="stk-block-content stk-inner-blocks stk-a4fac00-inner-blocks">
<figure class="eplus-EbUp10 wp-block-gallery has-nested-images columns-3 is-cropped eplus-wrapper wp-block-gallery-1 is-layout-flex wp-block-gallery-is-layout-flex">
<figure class=" wp-block-image size-large eplus-wrapper"><img loading="lazy" decoding="async" width="550" height="407" data-id="1194" src="https://www.diap7.fr/wordpress/wp-content/uploads/passion-photo/paysage-hiver-201.jpg" alt="" class="wp-image-1194" srcset="https://www.diap7.fr/wordpress/wp-content/uploads/passion-photo/paysage-hiver-201.jpg 550w, https://www.diap7.fr/wordpress/wp-content/uploads/passion-photo/paysage-hiver-201-300x222.jpg 300w" sizes="auto, (max-width: 550px) 100vw, 550px" /></figure>



<figure class=" wp-block-image size-large eplus-wrapper"><img loading="lazy" decoding="async" width="550" height="411" data-id="1193" src="https://www.diap7.fr/wordpress/wp-content/uploads/passion-photo/paysage-hiver-411.jpg" alt="" class="wp-image-1193" srcset="https://www.diap7.fr/wordpress/wp-content/uploads/passion-photo/paysage-hiver-411.jpg 550w, https://www.diap7.fr/wordpress/wp-content/uploads/passion-photo/paysage-hiver-411-300x224.jpg 300w" sizes="auto, (max-width: 550px) 100vw, 550px" /></figure>



<figure class=" wp-block-image size-large eplus-wrapper"><img loading="lazy" decoding="async" width="550" height="365" data-id="1195" src="https://www.diap7.fr/wordpress/wp-content/uploads/passion-photo/paysage-hiver-351.jpg" alt="" class="wp-image-1195" srcset="https://www.diap7.fr/wordpress/wp-content/uploads/passion-photo/paysage-hiver-351.jpg 550w, https://www.diap7.fr/wordpress/wp-content/uploads/passion-photo/paysage-hiver-351-300x199.jpg 300w, https://www.diap7.fr/wordpress/wp-content/uploads/passion-photo/paysage-hiver-351-360x240.jpg 360w" sizes="auto, (max-width: 550px) 100vw, 550px" /></figure>
</figure>
</div></div></div>
</div></div>

<p>Passion-Photo : Prises de vues en Noir et Blanc &#8211; Paysages d&rsquo;hiver et de neige Pour certaines personnes, l’hiver est une saison difficile à passer et à éviter par tout les moyens possibles. Pourtant, il s’agit d’une saison visuellement magnifique à cause de la neige et des paysages à couper [&hellip;]</p>

<p>Passion-Photo : Prises de vues en Noir et Blanc &#8211; Paysages d&rsquo;hiver et de neige Pour certaines personnes, l’hiver est une saison difficile à passer et à éviter par tout les moyens possibles. Pourtant, il s’agit d’une saison visuellement magnifique à cause de la neige et des paysages à couper le souffle qu’elle procure à la nature. Nos 7 conseils pour améliorer votre pratique de la photo en noir &amp; blanc Par&nbsp;Samuel Boivin « Notre œil étant habitué à voir le monde en couleur, il n’est pas évident pour un novice de l&rsquo;imaginer en noir et blanc et d’anticiper la prise.…</p>
