{"id":1206,"date":"2021-01-16T16:13:00","date_gmt":"2021-01-16T15:13:00","guid":{"rendered":"http:\/\/www.diap7.fr\/wordpress\/?page_id=1206"},"modified":"2024-02-06T09:54:50","modified_gmt":"2024-02-06T08:54:50","slug":"pour-reussir-vos-photos-du-temps-des-fetes","status":"publish","type":"page","link":"https:\/\/www.diap7.fr\/wordpress\/passion-photo\/pour-reussir-vos-photos-du-temps-des-fetes\/","title":{"rendered":"Pour r\u00e9ussir vos photos du temps des F\u00eates"},"content":{"rendered":"\n<div class=\"eplus-6Em3IQ wp-block-media-text alignwide is-stacked-on-mobile eplus-wrapper\"><figure class=\"wp-block-media-text__media\"><img loading=\"lazy\" decoding=\"async\" width=\"876\" height=\"583\" src=\"https:\/\/www.diap7.fr\/wordpress\/wp-content\/uploads\/passion-photo\/cadeaux_personnalises.jpg\" alt=\"\" class=\"wp-image-1209 size-full\" srcset=\"https:\/\/www.diap7.fr\/wordpress\/wp-content\/uploads\/passion-photo\/cadeaux_personnalises.jpg 876w, https:\/\/www.diap7.fr\/wordpress\/wp-content\/uploads\/passion-photo\/cadeaux_personnalises-300x200.jpg 300w, https:\/\/www.diap7.fr\/wordpress\/wp-content\/uploads\/passion-photo\/cadeaux_personnalises-768x511.jpg 768w, https:\/\/www.diap7.fr\/wordpress\/wp-content\/uploads\/passion-photo\/cadeaux_personnalises-360x240.jpg 360w\" sizes=\"auto, (max-width: 876px) 100vw, 876px\" \/><\/figure><div class=\"wp-block-media-text__content\">\n<p class=\"eplus-ZrFYCC  has-text-align-center has-medium-font-size eplus-wrapper\"><span style=\"color: var(--stk-global-color-85932, #17365d);\" class=\"stk-highlight\">Le temps des f\u00eates est l\u00e0, et avec lui le temps de se cr\u00e9er des souvenirs et de faire des photos. Tout le monde n\u2019est pas photographe professionnel mais avec les appareils photos \u201camateurs\u201d d\u2019aujourd\u2019hui et les t\u00e9l\u00e9phones intelligents que nous avons \u2013 presque \u2013 tous, il est possible de faire de tr\u00e8s jolies photos<\/span><\/p>\n<\/div><\/div>\n\n\n\n<p class=\"eplus-DmdtPb eplus-wrapper\">Voici donc quelques conseils pour ne pas rater vos photos de&nbsp;<em>party<\/em>&nbsp;de No\u00ebl ou du jour de l\u2019an\u2026<\/p>\n\n\n\n<p class=\"eplus-jMEDKZ eplus-wrapper\">1. La lumi\u00e8re<br>2. Les angles et les cadrages<br>3. Prenez de la hauteur<br>4. Les d\u00e9tails<br>5. Les photos de famille<br>6. Amusez-vous !<\/p>\n\n\n\n<h2 class=\"eplus-slnP0Z wp-block-heading eplus-wrapper\">Comment r\u00e9ussir ses photos de groupe \u00e0 tous les coups&nbsp;?<\/h2>\n\n\n<p class=\"eplus-QzvJ3l eplus-wrapper eplus-styles-uid-24b8d8\">En effet, photographier un groupe de personnes peut \u00eatre assez intimidant. Il faut s\u2019assurer d\u2019avoir un bon cadrage, de voir tout le monde, d&rsquo;avoir tout le monde bien net, diriger tout le monde\u2026 Bref, il y a beaucoup de d\u00e9fis \u00e0 relever.<\/p>\n\n\n<p class=\"eplus-9GyIxK eplus-wrapper\"><em>GARDEZ L\u2019ORDRE ET N\u2019H\u00c9SITEZ PAS \u00c0 DIRIGER<\/em><\/p>\n\n\n<p class=\"eplus-iMEpDN eplus-wrapper eplus-styles-uid-24b8d8\">Un groupe de gens peut vite se transformer en chaos si vous ne prenez pas le contr\u00f4le rapidement. Assurez-vous de donner des instructions claires et concises.<br>Essayez autant que possible d\u2019appeler chaque personne par son pr\u00e9nom si vous les connaissez. Vous aurez leur attention plus facilement.<br>Placez les gens en vous assurant de ne pas trop laisser de trous entre eux. S\u2019ils font partie de la m\u00eame famille ou qu\u2019ils sont des amis proches, faites-leur placer leurs mains sur une \u00e9paule ou un bras de la personne \u00e0 c\u00f4t\u00e9, par exemple.<\/p>\n\n\n<p class=\"eplus-6OgyI0 eplus-wrapper\"><em>CAPTEZ L\u2019ATTENTION DU GROUPE ET SHOOTEZ !<\/em><\/p>\n\n\n<p class=\"eplus-WPaJod eplus-wrapper eplus-styles-uid-24b8d8\">Il y a toujours des \u00ab\u00a0mauvais\u00a0\u00bb \u00e9l\u00e8ves qui bavardent au fond de la classe. J\u2019ai donc pris l\u2019habitude de toujours dire deux petites phrases :<br>\u00ab\u00a0Maintenant que tout le monde est plac\u00e9, je vais prendre la photo. Une derni\u00e8re chose avant de commencer : si vous ne me voyez pas, soyez certain que je ne vous verrai pas sur la photo\u00a0\u00bb<\/p>\n\n<p class=\"eplus-vrm2LU eplus-wrapper eplus-styles-uid-24b8d8\">Cela doit vous para\u00eetre logique mais croyez-moi ce n\u2019est pas toujours le cas pour vos sujets<\/p>\n\n\n<p class=\"eplus-Wh1TbH eplus-wrapper\">Et voici la deuxi\u00e8me chose que je dis avant de shooter :<\/p>\n\n\n<p class=\"eplus-4qhKoz eplus-wrapper eplus-styles-uid-24b8d8\">\u00ab\u00a0Je vais maintenant compter jusqu\u2019\u00e0 3. Et \u00e0 3 tout le monde ouvre les yeux\u00a0\u00bb<\/p>\n\n<p class=\"eplus-6xHpuF eplus-wrapper eplus-styles-uid-24b8d8\">Le truc, c\u2019est que la plupart des gens ferment les yeux lorsque je dis \u00ab 3 \u00bb\u2026 De ce fait, je commence \u00e0 shooter d\u00e8s que je dis \u00ab 1 \u00bb et j\u2019en prends encore une ou deux avant la fin de mon d\u00e9compte.\u00a0<\/p>\n\n<p class=\"eplus-CbpbAk eplus-wrapper eplus-styles-uid-24b8d8\">Derni\u00e8re astuce, si vous voulez que les gens sourient\u2026 souriez. Une attitude positive de la part du photographe aide \u00e0 la bonne humeur sur la photo de groupe.<\/p>\n\n\n<p class=\"eplus-PaUrAq eplus-wrapper\"><em>UTILISEZ DES POSES DYNAMIQUES !<\/em><\/p>\n\n\n<p class=\"eplus-99e8zb eplus-wrapper eplus-styles-uid-24b8d8\">Lorsque vous placez les gens, ne vous contentez pas de les placer en rang d\u2019oignon ! Placez-la \u00e0 diff\u00e9rentes hauteurs et essayez de former des triangles entre leurs t\u00eates.<br>Essayez aussi des poses ou les gens se regardent entre eux. Donnez leur quelque chose de dr\u00f4le \u00e0 faire et guettez les rires qui vont suivre pour prendre votre photo \u00e0 ce moment-l\u00e0 !<\/p>\n\n\n<p class=\"eplus-UmEQxY eplus-wrapper\"><a href=\"http:\/\/objectif-photographe.fr\/photo-de-groupe\/\" target=\"_blank\" rel=\"noreferrer noopener\">http:\/\/objectif-photographe.fr\/photo-de-groupe\/<\/a><\/p>\n\n\n<h2 class=\"eplus-L1H2JL wp-block-heading eplus-wrapper eplus-styles-uid-24b8d8\">Un peu de technique\u2026<br>Comment faire une photo de groupe o\u00f9 tout le monde soit net ?<\/h2>\n\n<p class=\"eplus-AFrYnW eplus-wrapper eplus-styles-uid-24b8d8\"><em>Afin de prendre une photo de groupe o\u00f9 tout le monde est bien net, il vous faut privil\u00e9gier les focales courtes offrant un grand angle de vision, et une ouverture r\u00e9duite.<\/em><\/p>\n\n<p class=\"eplus-vuVb60 eplus-wrapper eplus-styles-uid-24b8d8\">Plus g\u00e9n\u00e9ralement, la majorit\u00e9 des gens associe la\u00a0<strong>distance focale en photo<\/strong>\u00a0avec le \u00ab niveau de zoom \u00bb de leur objectif. C\u2019est simplifi\u00e9, mais effectivement, c\u2019est l\u2019influence principale de la focale sur une photographie. Pour faire simple, cette derni\u00e8re modifie l\u2019angle de prise de vue et la fa\u00e7on dont nous allons voir le sujet que l\u2019on photographie.<\/p>\n\n<p class=\"eplus-6Ua0F0 eplus-wrapper eplus-styles-uid-24b8d8\">L\u2019ouverture se note en \u00ab\u00a0f\/nombre\u00a0\u00bb. Exemple\u00a0: f\/1.8, f\/11 ou f\/13. Le chiffre derri\u00e8re le \u00ab\u00a0f\/\u00a0\u00bb correspond tout simplement \u00e0 la valeur de votre ouverture choisie (taille du trou de votre diaphragme).\u00a0<strong>Plus l\u2019ouverture est grande, plus le chiffre est petit.<\/strong><\/p>\n\n\n<p class=\"eplus-8yKTaJ eplus-wrapper\"><a href=\"http:\/\/tontonphoto.fr\/comment-faire-photo-groupe-tout-le-monde-net\/\" target=\"_blank\" rel=\"noreferrer noopener\">http:\/\/tontonphoto.fr\/comment-faire-photo-groupe-tout-le-monde-net\/<\/a><\/p>\n\n\n\n<p class=\"eplus-zWl0Wi eplus-wrapper\"><a href=\"http:\/\/tontonphoto.fr\/comprendre-ouverture-photographie\/\" target=\"_blank\" rel=\"noreferrer noopener\">http:\/\/tontonphoto.fr\/comprendre-ouverture-photographie\/<\/a><\/p>\n\n\n\n<h2 class=\"eplus-FGUU1g wp-block-heading eplus-wrapper\">10 blogs incontournables pour apprendre la photo<\/h2>\n\n\n<p class=\"eplus-zqT0mM eplus-wrapper eplus-styles-uid-24b8d8\">En voyage, la photo tient une part essentielle car elle permet de saisir les instants v\u00e9cus, de revenir avec des souvenirs et de les partager avec ses amis ou m\u00eame sur un blog.<\/p>\n\n<p class=\"eplus-Up2TmA eplus-wrapper eplus-styles-uid-24b8d8\">Nombreux sont les voyageurs qui sont d\u00e9\u00e7us du rendu de leurs photos en comparaison \u00e0 la beaut\u00e9 des paysages, de l\u2019instantan\u00e9it\u00e9 d\u2019une rencontre. Le plus beau coucher de soleil de votre vie est rat\u00e9, tel portrait n\u2019exprime pas l\u2019\u00e9nergie d\u2019une personne avec qui vous avez \u00e9chang\u00e9. Il est temps de se pencher sur la technique (un peu) et les r\u00e8gles de base de la photo. Les blogs photos vont vous sauver la mise pour votre prochain voyage gr\u00e2ce \u00e0 leurs nombreux conseils, tutoriels et dossiers pratiques faciles \u00e0 comprendre. Tour d\u2019horizon de ma s\u00e9lection de 10 blogs photo (et un peu de voyage).<\/p>\n\n\n<p class=\"eplus-JALIVG eplus-wrapper\"><a href=\"https:\/\/www.i-voyages.net\/10-blogs-incontournables-pour-apprendre-la-photo\/\" target=\"_blank\" rel=\"noreferrer noopener\">https:\/\/www.i-voyages.net\/10-blogs-incontournables-pour-apprendre-la-photo\/<\/a><\/p>\n\n\n\n<h2 class=\"eplus-Vwscvw wp-block-heading eplus-wrapper\">Parmi les 10 : le blog de Madame Oreille<\/h2>\n\n\n\n<p class=\"eplus-HpNaFa eplus-wrapper\">Un superbe r\u00e9cit de voyage<\/p>\n\n\n\n<figure class=\"eplus-PtyE4E wp-block-image eplus-wrapper\"><img decoding=\"async\" src=\"http:\/\/www.amicale-groupecdn.fr\/sites\/default\/files\/arcachon-vignette-tour-a-velo-740x493.jpg\" alt=\"\"\/><\/figure>\n\n\n<p class=\"eplus-wrwo7Y eplus-wrapper eplus-styles-uid-24b8d8\">J\u2019ai fait le tour du Bassin d\u2019Arcachon en v\u00e9lo avec ma fille.<br>Au programme\u00a0: des villages ostr\u00e9icoles, des pistes cyclables \u00e0\u00a0l\u2019ombre des pins maritimes, des arr\u00eats sur de jolies plages, des rencontres et de bons moments\u00a0!<\/p>\n\n\n<p class=\"eplus-N2qI8U eplus-wrapper\"><a href=\"https:\/\/www.madame-oreille.com\/bassin-darcachon-faire-le-tour-a-velo\/\" target=\"_blank\" rel=\"noreferrer noopener\">https:\/\/www.madame-oreille.com\/bassin-darcachon-faire-le-tour-a-velo\/<\/a><\/p>\n\n\n\n<p class=\"eplus-WgF16a eplus-wrapper\"><\/p>\n","protected":false},"excerpt":{"rendered":"<p>Le temps des f\u00eates est l\u00e0, et avec lui le temps de se cr\u00e9er des souvenirs et de faire des photos. Tout le monde n\u2019est pas photographe professionnel mais avec les appareils photos \u201camateurs\u201d d\u2019aujourd\u2019hui et les t\u00e9l\u00e9phones intelligents que nous avons \u2013 presque \u2013 tous, il est possible de [&hellip;]<\/p>\n","protected":false},"author":1,"featured_media":0,"parent":5,"menu_order":7,"comment_status":"closed","ping_status":"closed","template":"page-templates\/template-fullwidth.php","meta":{"_coblocks_attr":"","_coblocks_dimensions":"","_coblocks_responsive_height":"","_coblocks_accordion_ie_support":"","editor_plus_copied_stylings":"{}","_themeisle_gutenberg_block_has_review":false,"footnotes":""},"class_list":["post-1206","page","type-page","status-publish","hentry"],"featured_image_urls_v2":{"full":"","thumbnail":"","medium":"","medium_large":"","large":"","1536x1536":"","2048x2048":"","hestia-blog":""},"post_excerpt_stackable_v2":"<p>Le temps des f\u00eates est l\u00e0, et avec lui le temps de se cr\u00e9er des souvenirs et de faire des photos. Tout le monde n\u2019est pas photographe professionnel mais avec les appareils photos \u201camateurs\u201d d\u2019aujourd\u2019hui et les t\u00e9l\u00e9phones intelligents que nous avons \u2013 presque \u2013 tous, il est possible de faire de tr\u00e8s jolies photos Voici donc quelques conseils pour ne pas rater vos photos de&nbsp;party&nbsp;de No\u00ebl ou du jour de l\u2019an\u2026 1. La lumi\u00e8re2. Les angles et les cadrages3. Prenez de la hauteur4. Les d\u00e9tails5. Les photos de famille6. Amusez-vous ! Comment r\u00e9ussir ses photos de groupe \u00e0 tous\u2026<\/p>\n","category_list_v2":"","author_info_v2":{"name":"Georges7","url":"https:\/\/www.diap7.fr\/wordpress\/author\/georges7\/"},"comments_num_v2":"0 commentaire","featured_image_src":null,"_links":{"self":[{"href":"https:\/\/www.diap7.fr\/wordpress\/wp-json\/wp\/v2\/pages\/1206","targetHints":{"allow":["GET"]}}],"collection":[{"href":"https:\/\/www.diap7.fr\/wordpress\/wp-json\/wp\/v2\/pages"}],"about":[{"href":"https:\/\/www.diap7.fr\/wordpress\/wp-json\/wp\/v2\/types\/page"}],"author":[{"embeddable":true,"href":"https:\/\/www.diap7.fr\/wordpress\/wp-json\/wp\/v2\/users\/1"}],"replies":[{"embeddable":true,"href":"https:\/\/www.diap7.fr\/wordpress\/wp-json\/wp\/v2\/comments?post=1206"}],"version-history":[{"count":0,"href":"https:\/\/www.diap7.fr\/wordpress\/wp-json\/wp\/v2\/pages\/1206\/revisions"}],"up":[{"embeddable":true,"href":"https:\/\/www.diap7.fr\/wordpress\/wp-json\/wp\/v2\/pages\/5"}],"wp:attachment":[{"href":"https:\/\/www.diap7.fr\/wordpress\/wp-json\/wp\/v2\/media?parent=1206"}],"curies":[{"name":"wp","href":"https:\/\/api.w.org\/{rel}","templated":true}]}}

Pour réussir vos photos du temps des Fêtes

<div class="eplus-6Em3IQ wp-block-media-text alignwide is-stacked-on-mobile eplus-wrapper"><figure class="wp-block-media-text__media"><img loading="lazy" decoding="async" width="876" height="583" src="https://www.diap7.fr/wordpress/wp-content/uploads/passion-photo/cadeaux_personnalises.jpg" alt="" class="wp-image-1209 size-full" srcset="https://www.diap7.fr/wordpress/wp-content/uploads/passion-photo/cadeaux_personnalises.jpg 876w, https://www.diap7.fr/wordpress/wp-content/uploads/passion-photo/cadeaux_personnalises-300x200.jpg 300w, https://www.diap7.fr/wordpress/wp-content/uploads/passion-photo/cadeaux_personnalises-768x511.jpg 768w, https://www.diap7.fr/wordpress/wp-content/uploads/passion-photo/cadeaux_personnalises-360x240.jpg 360w" sizes="auto, (max-width: 876px) 100vw, 876px" /></figure><div class="wp-block-media-text__content">
<p class="eplus-ZrFYCC  has-text-align-center has-medium-font-size eplus-wrapper"><span style="color: var(--stk-global-color-85932, #17365d);" class="stk-highlight">Le temps des fêtes est là, et avec lui le temps de se créer des souvenirs et de faire des photos. Tout le monde n’est pas photographe professionnel mais avec les appareils photos “amateurs” d’aujourd’hui et les téléphones intelligents que nous avons – presque – tous, il est possible de faire de très jolies photos</span></p>
</div></div>



<p class="eplus-DmdtPb eplus-wrapper">Voici donc quelques conseils pour ne pas rater vos photos de&nbsp;<em>party</em>&nbsp;de Noël ou du jour de l’an…</p>



<p class="eplus-jMEDKZ eplus-wrapper">1. La lumière<br>2. Les angles et les cadrages<br>3. Prenez de la hauteur<br>4. Les détails<br>5. Les photos de famille<br>6. Amusez-vous !</p>



<h2 class="eplus-slnP0Z wp-block-heading eplus-wrapper">Comment réussir ses photos de groupe à tous les coups&nbsp;?</h2>


<p class="eplus-QzvJ3l eplus-wrapper eplus-styles-uid-24b8d8">En effet, photographier un groupe de personnes peut être assez intimidant. Il faut s’assurer d’avoir un bon cadrage, de voir tout le monde, d&rsquo;avoir tout le monde bien net, diriger tout le monde… Bref, il y a beaucoup de défis à relever.</p>


<p class="eplus-9GyIxK eplus-wrapper"><em>GARDEZ L’ORDRE ET N’HÉSITEZ PAS À DIRIGER</em></p>


<p class="eplus-iMEpDN eplus-wrapper eplus-styles-uid-24b8d8">Un groupe de gens peut vite se transformer en chaos si vous ne prenez pas le contrôle rapidement. Assurez-vous de donner des instructions claires et concises.<br>Essayez autant que possible d’appeler chaque personne par son prénom si vous les connaissez. Vous aurez leur attention plus facilement.<br>Placez les gens en vous assurant de ne pas trop laisser de trous entre eux. S’ils font partie de la même famille ou qu’ils sont des amis proches, faites-leur placer leurs mains sur une épaule ou un bras de la personne à côté, par exemple.</p>


<p class="eplus-6OgyI0 eplus-wrapper"><em>CAPTEZ L’ATTENTION DU GROUPE ET SHOOTEZ !</em></p>


<p class="eplus-WPaJod eplus-wrapper eplus-styles-uid-24b8d8">Il y a toujours des « mauvais » élèves qui bavardent au fond de la classe. J’ai donc pris l’habitude de toujours dire deux petites phrases :<br>« Maintenant que tout le monde est placé, je vais prendre la photo. Une dernière chose avant de commencer : si vous ne me voyez pas, soyez certain que je ne vous verrai pas sur la photo »</p>

<p class="eplus-vrm2LU eplus-wrapper eplus-styles-uid-24b8d8">Cela doit vous paraître logique mais croyez-moi ce n’est pas toujours le cas pour vos sujets</p>


<p class="eplus-Wh1TbH eplus-wrapper">Et voici la deuxième chose que je dis avant de shooter :</p>


<p class="eplus-4qhKoz eplus-wrapper eplus-styles-uid-24b8d8">« Je vais maintenant compter jusqu’à 3. Et à 3 tout le monde ouvre les yeux »</p>

<p class="eplus-6xHpuF eplus-wrapper eplus-styles-uid-24b8d8">Le truc, c’est que la plupart des gens ferment les yeux lorsque je dis « 3 »… De ce fait, je commence à shooter dès que je dis « 1 » et j’en prends encore une ou deux avant la fin de mon décompte. </p>

<p class="eplus-CbpbAk eplus-wrapper eplus-styles-uid-24b8d8">Dernière astuce, si vous voulez que les gens sourient… souriez. Une attitude positive de la part du photographe aide à la bonne humeur sur la photo de groupe.</p>


<p class="eplus-PaUrAq eplus-wrapper"><em>UTILISEZ DES POSES DYNAMIQUES !</em></p>


<p class="eplus-99e8zb eplus-wrapper eplus-styles-uid-24b8d8">Lorsque vous placez les gens, ne vous contentez pas de les placer en rang d’oignon ! Placez-la à différentes hauteurs et essayez de former des triangles entre leurs têtes.<br>Essayez aussi des poses ou les gens se regardent entre eux. Donnez leur quelque chose de drôle à faire et guettez les rires qui vont suivre pour prendre votre photo à ce moment-là !</p>


<p class="eplus-UmEQxY eplus-wrapper"><a href="http://objectif-photographe.fr/photo-de-groupe/" target="_blank" rel="noreferrer noopener">http://objectif-photographe.fr/photo-de-groupe/</a></p>


<h2 class="eplus-L1H2JL wp-block-heading eplus-wrapper eplus-styles-uid-24b8d8">Un peu de technique…<br>Comment faire une photo de groupe où tout le monde soit net ?</h2>

<p class="eplus-AFrYnW eplus-wrapper eplus-styles-uid-24b8d8"><em>Afin de prendre une photo de groupe où tout le monde est bien net, il vous faut privilégier les focales courtes offrant un grand angle de vision, et une ouverture réduite.</em></p>

<p class="eplus-vuVb60 eplus-wrapper eplus-styles-uid-24b8d8">Plus généralement, la majorité des gens associe la <strong>distance focale en photo</strong> avec le « niveau de zoom » de leur objectif. C’est simplifié, mais effectivement, c’est l’influence principale de la focale sur une photographie. Pour faire simple, cette dernière modifie l’angle de prise de vue et la façon dont nous allons voir le sujet que l’on photographie.</p>

<p class="eplus-6Ua0F0 eplus-wrapper eplus-styles-uid-24b8d8">L’ouverture se note en « f/nombre ». Exemple : f/1.8, f/11 ou f/13. Le chiffre derrière le « f/ » correspond tout simplement à la valeur de votre ouverture choisie (taille du trou de votre diaphragme). <strong>Plus l’ouverture est grande, plus le chiffre est petit.</strong></p>


<p class="eplus-8yKTaJ eplus-wrapper"><a href="http://tontonphoto.fr/comment-faire-photo-groupe-tout-le-monde-net/" target="_blank" rel="noreferrer noopener">http://tontonphoto.fr/comment-faire-photo-groupe-tout-le-monde-net/</a></p>



<p class="eplus-zWl0Wi eplus-wrapper"><a href="http://tontonphoto.fr/comprendre-ouverture-photographie/" target="_blank" rel="noreferrer noopener">http://tontonphoto.fr/comprendre-ouverture-photographie/</a></p>



<h2 class="eplus-FGUU1g wp-block-heading eplus-wrapper">10 blogs incontournables pour apprendre la photo</h2>


<p class="eplus-zqT0mM eplus-wrapper eplus-styles-uid-24b8d8">En voyage, la photo tient une part essentielle car elle permet de saisir les instants vécus, de revenir avec des souvenirs et de les partager avec ses amis ou même sur un blog.</p>

<p class="eplus-Up2TmA eplus-wrapper eplus-styles-uid-24b8d8">Nombreux sont les voyageurs qui sont déçus du rendu de leurs photos en comparaison à la beauté des paysages, de l’instantanéité d’une rencontre. Le plus beau coucher de soleil de votre vie est raté, tel portrait n’exprime pas l’énergie d’une personne avec qui vous avez échangé. Il est temps de se pencher sur la technique (un peu) et les règles de base de la photo. Les blogs photos vont vous sauver la mise pour votre prochain voyage grâce à leurs nombreux conseils, tutoriels et dossiers pratiques faciles à comprendre. Tour d’horizon de ma sélection de 10 blogs photo (et un peu de voyage).</p>


<p class="eplus-JALIVG eplus-wrapper"><a href="https://www.i-voyages.net/10-blogs-incontournables-pour-apprendre-la-photo/" target="_blank" rel="noreferrer noopener">https://www.i-voyages.net/10-blogs-incontournables-pour-apprendre-la-photo/</a></p>



<h2 class="eplus-Vwscvw wp-block-heading eplus-wrapper">Parmi les 10 : le blog de Madame Oreille</h2>



<p class="eplus-HpNaFa eplus-wrapper">Un superbe récit de voyage</p>



<figure class="eplus-PtyE4E wp-block-image eplus-wrapper"><img decoding="async" src="http://www.amicale-groupecdn.fr/sites/default/files/arcachon-vignette-tour-a-velo-740x493.jpg" alt=""/></figure>


<p class="eplus-wrwo7Y eplus-wrapper eplus-styles-uid-24b8d8">J’ai fait le tour du Bassin d’Arcachon en vélo avec ma fille.<br>Au programme : des villages ostréicoles, des pistes cyclables à l’ombre des pins maritimes, des arrêts sur de jolies plages, des rencontres et de bons moments !</p>


<p class="eplus-N2qI8U eplus-wrapper"><a href="https://www.madame-oreille.com/bassin-darcachon-faire-le-tour-a-velo/" target="_blank" rel="noreferrer noopener">https://www.madame-oreille.com/bassin-darcachon-faire-le-tour-a-velo/</a></p>



<p class="eplus-WgF16a eplus-wrapper"></p>

<p>Le temps des fêtes est là, et avec lui le temps de se créer des souvenirs et de faire des photos. Tout le monde n’est pas photographe professionnel mais avec les appareils photos “amateurs” d’aujourd’hui et les téléphones intelligents que nous avons – presque – tous, il est possible de [&hellip;]</p>

<p>Le temps des fêtes est là, et avec lui le temps de se créer des souvenirs et de faire des photos. Tout le monde n’est pas photographe professionnel mais avec les appareils photos “amateurs” d’aujourd’hui et les téléphones intelligents que nous avons – presque – tous, il est possible de faire de très jolies photos Voici donc quelques conseils pour ne pas rater vos photos de&nbsp;party&nbsp;de Noël ou du jour de l’an… 1. La lumière2. Les angles et les cadrages3. Prenez de la hauteur4. Les détails5. Les photos de famille6. Amusez-vous ! Comment réussir ses photos de groupe à tous…</p>
