{"id":1215,"date":"2021-01-16T16:48:24","date_gmt":"2021-01-16T15:48:24","guid":{"rendered":"http:\/\/www.diap7.fr\/wordpress\/?page_id=1215"},"modified":"2023-12-18T08:40:18","modified_gmt":"2023-12-18T07:40:18","slug":"passion-rando-et-passion-photo","status":"publish","type":"page","link":"https:\/\/www.diap7.fr\/wordpress\/passion-photo\/passion-rando-et-passion-photo\/","title":{"rendered":"Passion-Rando et Passion-Photo"},"content":{"rendered":"\n<div class=\"eplus-iKQjgD wp-block-media-text alignwide is-stacked-on-mobile is-image-fill eplus-wrapper\"><figure class=\"wp-block-media-text__media\" style=\"background-image:url(https:\/\/www.diap7.fr\/wordpress\/wp-content\/uploads\/passion-photo\/bien-choisir-ses-chaussures-de-randonnee_1.jpeg);background-position:50% 50%\"><img loading=\"lazy\" decoding=\"async\" width=\"510\" height=\"340\" src=\"https:\/\/www.diap7.fr\/wordpress\/wp-content\/uploads\/passion-photo\/bien-choisir-ses-chaussures-de-randonnee_1.jpeg\" alt=\"\" class=\"wp-image-1216 size-full\" srcset=\"https:\/\/www.diap7.fr\/wordpress\/wp-content\/uploads\/passion-photo\/bien-choisir-ses-chaussures-de-randonnee_1.jpeg 510w, https:\/\/www.diap7.fr\/wordpress\/wp-content\/uploads\/passion-photo\/bien-choisir-ses-chaussures-de-randonnee_1-300x200.jpeg 300w, https:\/\/www.diap7.fr\/wordpress\/wp-content\/uploads\/passion-photo\/bien-choisir-ses-chaussures-de-randonnee_1-360x240.jpeg 360w\" sizes=\"auto, (max-width: 510px) 100vw, 510px\" \/><\/figure><div class=\"wp-block-media-text__content\">\n<p class=\"eplus-oMSAjf has-text-align-center has-medium-font-size eplus-wrapper\">Je vous sais, pour la plupart adepte de la randonn\u00e9e.&nbsp;Par exp\u00e9rience, il est difficile quand on est en groupe de prendre des photos : s&rsquo;arr\u00eater au risque de faire perdre du temps aux marcheurs, d\u00e9cider d&rsquo;un moment pour une photo des plus pos\u00e9e&#8230;<\/p>\n<\/div><\/div>\n\n\n\n<hr class=\"eplus-Ldxxnm wp-block-separator has-css-opacity eplus-wrapper\"\/>\n\n\n\n<h2 class=\"eplus-nD6PYO wp-block-heading eplus-wrapper\">Comment concilier la pratique de la photo et la randonn\u00e9e<\/h2>\n\n\n\n<p class=\"eplus-diGILe eplus-wrapper\">Quel appareil prendre pour votre randonn\u00e9e ?<br>Quel type d\u2019objectif convient mieux \u00e0 la randonn\u00e9e ?<br>Comment porter son appareil photo en randonn\u00e9e ?<\/p>\n\n\n\n<p class=\"eplus-RNhvLs eplus-wrapper\"><a href=\"http:\/\/www.1001-pas.fr\/comment-concilier-pratique-photo-randonnee\/\" target=\"_blank\" rel=\"noreferrer noopener\">http:\/\/www.1001-pas.fr\/comment-concilier-pratique-photo-randonnee\/<\/a><\/p>\n\n\n\n<h2 class=\"eplus-jSxpzy wp-block-heading eplus-wrapper\">Photographier ses randonn\u00e9es<\/h2>\n\n\n<p class=\"eplus-whlIhv eplus-wrapper eplus-styles-uid-24b8d8\">Randonner, c\u2019est appr\u00e9cier d\u2019avancer lentement sur un chemin pour ressentir chaque kilom\u00e8tre et savourer les paysages. C\u2019est donc une activit\u00e9 qui pourrait \u00eatre parfaite pour de nombreux photographes. Immortaliser les changements du paysage depuis un sentier est tr\u00e8s grisant, m\u00eame s\u2019il n\u2019est pas rare, au retour, en regardant ses images, de r\u00e9aliser qu\u2019on n\u2019a que des photos qui se ressemblent\u00a0!<\/p>\n\n<p class=\"eplus-wt48x5 eplus-wrapper eplus-styles-uid-24b8d8\">Pourtant, randonn\u00e9e et photographie ne font pas toujours bon m\u00e9nage, et c\u2019est m\u00eame l\u2019occasion de gros dilemnes pour de nombreux marcheurs photographes.<\/p>\n\n\n<p class=\"eplus-G0o4I5 eplus-wrapper\"><a href=\"https:\/\/www.madame-oreille.com\/photographier-ses-randonnees\/\" target=\"_blank\" rel=\"noreferrer noopener\">https:\/\/www.madame-oreille.com\/photographier-ses-randonnees\/<\/a><\/p>\n\n\n\n<h2 class=\"eplus-NHKWEU wp-block-heading eplus-wrapper\">Photo en randonn\u00e9e bien choisir son \u00e9quipement<\/h2>\n\n\n<p class=\"eplus-s7YUTM eplus-wrapper eplus-styles-uid-24b8d8\">Quand on aime la photo, difficile de rester de marbre devant la beaut\u00e9 grandiose que la nature peut nous offrir. Que l\u2019on soit promeneur occasionnel ou randonneur exp\u00e9riment\u00e9, le plaisir d\u2019immortaliser ces instants en plein air est commun \u00e0 tous. La clef d\u2019une rando photo r\u00e9ussie, c\u2019est de r\u00e9ussir \u00e0 all\u00e9ger son sac \u00e0 dos sans faire l\u2019impasse sur l\u2019essentiel.<\/p>\n\n\n<p class=\"eplus-1aGP7x eplus-wrapper\"><a href=\"https:\/\/www.destinations-nature.com\/Thematiques\/Rando-a-pied\/Rando-a-pied2\/Photo-en-randonnee-bien-choisir-son-equipement\" target=\"_blank\" rel=\"noreferrer noopener\">https:\/\/www.destinations-nature.com\/Thematiques\/Rando-a-pied\/Rando-a-pied2\/Photo-en-randonnee-bien-choisir-son-equipement<\/a><\/p>\n\n\n\n<h2 class=\"eplus-dFDWzW wp-block-heading eplus-wrapper\">Comment r\u00e9ussir ses photos en randonn\u00e9e&nbsp;?<\/h2>\n\n\n<p class=\"eplus-s6nofz eplus-wrapper eplus-styles-uid-24b8d8\">Dans tous les cas, il faut rester l\u00e9ger et profiter au\u00a0mieux de la randonn\u00e9e\u00a0:\u00a0la photo doit \u00eatre un plaisir en plus pendant la randonn\u00e9e et non une contrainte\u00a0!<\/p>\n\n\n<p class=\"eplus-Zha5eR eplus-wrapper\"><a href=\"https:\/\/www.altituderando.com\/Reussir-ses-photos-en-randonnee\" target=\"_blank\" rel=\"noreferrer noopener\">https:\/\/www.altituderando.com\/Reussir-ses-photos-en-randonnee<\/a><\/p>\n","protected":false},"excerpt":{"rendered":"<p>Je vous sais, pour la plupart adepte de la randonn\u00e9e.&nbsp;Par exp\u00e9rience, il est difficile quand on est en groupe de prendre des photos : s&rsquo;arr\u00eater au risque de faire perdre du temps aux marcheurs, d\u00e9cider d&rsquo;un moment pour une photo des plus pos\u00e9e&#8230; Comment concilier la pratique de la photo [&hellip;]<\/p>\n","protected":false},"author":1,"featured_media":793,"parent":5,"menu_order":8,"comment_status":"closed","ping_status":"closed","template":"page-templates\/template-fullwidth.php","meta":{"_coblocks_attr":"","_coblocks_dimensions":"","_coblocks_responsive_height":"","_coblocks_accordion_ie_support":"","editor_plus_copied_stylings":"{}","_themeisle_gutenberg_block_has_review":false,"footnotes":""},"class_list":["post-1215","page","type-page","status-publish","has-post-thumbnail","hentry"],"featured_image_urls_v2":{"full":["https:\/\/www.diap7.fr\/wordpress\/wp-content\/uploads\/entete\/prem1.jpg",1900,450,false],"thumbnail":["https:\/\/www.diap7.fr\/wordpress\/wp-content\/uploads\/entete\/prem1-150x150.jpg",150,150,true],"medium":["https:\/\/www.diap7.fr\/wordpress\/wp-content\/uploads\/entete\/prem1-300x71.jpg",300,71,true],"medium_large":["https:\/\/www.diap7.fr\/wordpress\/wp-content\/uploads\/entete\/prem1-768x182.jpg",750,178,true],"large":["https:\/\/www.diap7.fr\/wordpress\/wp-content\/uploads\/entete\/prem1-1024x243.jpg",750,178,true],"1536x1536":["https:\/\/www.diap7.fr\/wordpress\/wp-content\/uploads\/entete\/prem1-1536x364.jpg",1536,364,true],"2048x2048":["https:\/\/www.diap7.fr\/wordpress\/wp-content\/uploads\/entete\/prem1.jpg",1900,450,false],"hestia-blog":["https:\/\/www.diap7.fr\/wordpress\/wp-content\/uploads\/entete\/prem1-360x240.jpg",360,240,true]},"post_excerpt_stackable_v2":"<p>Je vous sais, pour la plupart adepte de la randonn\u00e9e.&nbsp;Par exp\u00e9rience, il est difficile quand on est en groupe de prendre des photos : s&rsquo;arr\u00eater au risque de faire perdre du temps aux marcheurs, d\u00e9cider d&rsquo;un moment pour une photo des plus pos\u00e9e&#8230; Comment concilier la pratique de la photo et la randonn\u00e9e Quel appareil prendre pour votre randonn\u00e9e ?Quel type d\u2019objectif convient mieux \u00e0 la randonn\u00e9e ?Comment porter son appareil photo en randonn\u00e9e ? http:\/\/www.1001-pas.fr\/comment-concilier-pratique-photo-randonnee\/ Photographier ses randonn\u00e9es Randonner, c\u2019est appr\u00e9cier d\u2019avancer lentement sur un chemin pour ressentir chaque kilom\u00e8tre et savourer les paysages. C\u2019est donc une activit\u00e9 qui\u2026<\/p>\n","category_list_v2":"","author_info_v2":{"name":"Georges7","url":"https:\/\/www.diap7.fr\/wordpress\/author\/georges7\/"},"comments_num_v2":"0 commentaire","featured_image_src":"https:\/\/www.diap7.fr\/wordpress\/wp-content\/uploads\/entete\/prem1.jpg","_links":{"self":[{"href":"https:\/\/www.diap7.fr\/wordpress\/wp-json\/wp\/v2\/pages\/1215","targetHints":{"allow":["GET"]}}],"collection":[{"href":"https:\/\/www.diap7.fr\/wordpress\/wp-json\/wp\/v2\/pages"}],"about":[{"href":"https:\/\/www.diap7.fr\/wordpress\/wp-json\/wp\/v2\/types\/page"}],"author":[{"embeddable":true,"href":"https:\/\/www.diap7.fr\/wordpress\/wp-json\/wp\/v2\/users\/1"}],"replies":[{"embeddable":true,"href":"https:\/\/www.diap7.fr\/wordpress\/wp-json\/wp\/v2\/comments?post=1215"}],"version-history":[{"count":0,"href":"https:\/\/www.diap7.fr\/wordpress\/wp-json\/wp\/v2\/pages\/1215\/revisions"}],"up":[{"embeddable":true,"href":"https:\/\/www.diap7.fr\/wordpress\/wp-json\/wp\/v2\/pages\/5"}],"wp:featuredmedia":[{"embeddable":true,"href":"https:\/\/www.diap7.fr\/wordpress\/wp-json\/wp\/v2\/media\/793"}],"wp:attachment":[{"href":"https:\/\/www.diap7.fr\/wordpress\/wp-json\/wp\/v2\/media?parent=1215"}],"curies":[{"name":"wp","href":"https:\/\/api.w.org\/{rel}","templated":true}]}}

<div class="eplus-iKQjgD wp-block-media-text alignwide is-stacked-on-mobile is-image-fill eplus-wrapper"><figure class="wp-block-media-text__media" style="background-image:url(https://www.diap7.fr/wordpress/wp-content/uploads/passion-photo/bien-choisir-ses-chaussures-de-randonnee_1.jpeg);background-position:50% 50%"><img loading="lazy" decoding="async" width="510" height="340" src="https://www.diap7.fr/wordpress/wp-content/uploads/passion-photo/bien-choisir-ses-chaussures-de-randonnee_1.jpeg" alt="" class="wp-image-1216 size-full" srcset="https://www.diap7.fr/wordpress/wp-content/uploads/passion-photo/bien-choisir-ses-chaussures-de-randonnee_1.jpeg 510w, https://www.diap7.fr/wordpress/wp-content/uploads/passion-photo/bien-choisir-ses-chaussures-de-randonnee_1-300x200.jpeg 300w, https://www.diap7.fr/wordpress/wp-content/uploads/passion-photo/bien-choisir-ses-chaussures-de-randonnee_1-360x240.jpeg 360w" sizes="auto, (max-width: 510px) 100vw, 510px" /></figure><div class="wp-block-media-text__content">
<p class="eplus-oMSAjf has-text-align-center has-medium-font-size eplus-wrapper">Je vous sais, pour la plupart adepte de la randonnée.&nbsp;Par expérience, il est difficile quand on est en groupe de prendre des photos : s&rsquo;arrêter au risque de faire perdre du temps aux marcheurs, décider d&rsquo;un moment pour une photo des plus posée&#8230;</p>
</div></div>



<hr class="eplus-Ldxxnm wp-block-separator has-css-opacity eplus-wrapper"/>



<h2 class="eplus-nD6PYO wp-block-heading eplus-wrapper">Comment concilier la pratique de la photo et la randonnée</h2>



<p class="eplus-diGILe eplus-wrapper">Quel appareil prendre pour votre randonnée ?<br>Quel type d’objectif convient mieux à la randonnée ?<br>Comment porter son appareil photo en randonnée ?</p>



<p class="eplus-RNhvLs eplus-wrapper"><a href="http://www.1001-pas.fr/comment-concilier-pratique-photo-randonnee/" target="_blank" rel="noreferrer noopener">http://www.1001-pas.fr/comment-concilier-pratique-photo-randonnee/</a></p>



<h2 class="eplus-jSxpzy wp-block-heading eplus-wrapper">Photographier ses randonnées</h2>


<p class="eplus-whlIhv eplus-wrapper eplus-styles-uid-24b8d8">Randonner, c’est apprécier d’avancer lentement sur un chemin pour ressentir chaque kilomètre et savourer les paysages. C’est donc une activité qui pourrait être parfaite pour de nombreux photographes. Immortaliser les changements du paysage depuis un sentier est très grisant, même s’il n’est pas rare, au retour, en regardant ses images, de réaliser qu’on n’a que des photos qui se ressemblent !</p>

<p class="eplus-wt48x5 eplus-wrapper eplus-styles-uid-24b8d8">Pourtant, randonnée et photographie ne font pas toujours bon ménage, et c’est même l’occasion de gros dilemnes pour de nombreux marcheurs photographes.</p>


<p class="eplus-G0o4I5 eplus-wrapper"><a href="https://www.madame-oreille.com/photographier-ses-randonnees/" target="_blank" rel="noreferrer noopener">https://www.madame-oreille.com/photographier-ses-randonnees/</a></p>



<h2 class="eplus-NHKWEU wp-block-heading eplus-wrapper">Photo en randonnée bien choisir son équipement</h2>


<p class="eplus-s7YUTM eplus-wrapper eplus-styles-uid-24b8d8">Quand on aime la photo, difficile de rester de marbre devant la beauté grandiose que la nature peut nous offrir. Que l’on soit promeneur occasionnel ou randonneur expérimenté, le plaisir d’immortaliser ces instants en plein air est commun à tous. La clef d’une rando photo réussie, c’est de réussir à alléger son sac à dos sans faire l’impasse sur l’essentiel.</p>


<p class="eplus-1aGP7x eplus-wrapper"><a href="https://www.destinations-nature.com/Thematiques/Rando-a-pied/Rando-a-pied2/Photo-en-randonnee-bien-choisir-son-equipement" target="_blank" rel="noreferrer noopener">https://www.destinations-nature.com/Thematiques/Rando-a-pied/Rando-a-pied2/Photo-en-randonnee-bien-choisir-son-equipement</a></p>



<h2 class="eplus-dFDWzW wp-block-heading eplus-wrapper">Comment réussir ses photos en randonnée&nbsp;?</h2>


<p class="eplus-s6nofz eplus-wrapper eplus-styles-uid-24b8d8">Dans tous les cas, il faut rester léger et profiter au mieux de la randonnée : la photo doit être un plaisir en plus pendant la randonnée et non une contrainte !</p>


<p class="eplus-Zha5eR eplus-wrapper"><a href="https://www.altituderando.com/Reussir-ses-photos-en-randonnee" target="_blank" rel="noreferrer noopener">https://www.altituderando.com/Reussir-ses-photos-en-randonnee</a></p>

<p>Je vous sais, pour la plupart adepte de la randonnée.&nbsp;Par expérience, il est difficile quand on est en groupe de prendre des photos : s&rsquo;arrêter au risque de faire perdre du temps aux marcheurs, décider d&rsquo;un moment pour une photo des plus posée&#8230; Comment concilier la pratique de la photo [&hellip;]</p>

<p>Je vous sais, pour la plupart adepte de la randonnée.&nbsp;Par expérience, il est difficile quand on est en groupe de prendre des photos : s&rsquo;arrêter au risque de faire perdre du temps aux marcheurs, décider d&rsquo;un moment pour une photo des plus posée&#8230; Comment concilier la pratique de la photo et la randonnée Quel appareil prendre pour votre randonnée ?Quel type d’objectif convient mieux à la randonnée ?Comment porter son appareil photo en randonnée ? http://www.1001-pas.fr/comment-concilier-pratique-photo-randonnee/ Photographier ses randonnées Randonner, c’est apprécier d’avancer lentement sur un chemin pour ressentir chaque kilomètre et savourer les paysages. C’est donc une activité qui…</p>
