{"id":767,"date":"2021-01-10T14:16:00","date_gmt":"2021-01-10T13:16:00","guid":{"rendered":"http:\/\/www.diap7.fr\/wordpress\/?page_id=767"},"modified":"2023-12-18T08:40:18","modified_gmt":"2023-12-18T07:40:18","slug":"la-macro","status":"publish","type":"page","link":"https:\/\/www.diap7.fr\/wordpress\/passion-photo\/la-macro\/","title":{"rendered":"La macro-photographie"},"content":{"rendered":"\n<div class=\"eplus-VXwHhl wp-block-media-text alignwide is-stacked-on-mobile eplus-wrapper\"><figure class=\"wp-block-media-text__media\"><img loading=\"lazy\" decoding=\"async\" width=\"1024\" height=\"681\" src=\"https:\/\/www.diap7.fr\/wordpress\/wp-content\/uploads\/passion-photo\/framboise-1024x681.jpg\" alt=\"\" class=\"wp-image-982 size-full\"\/><\/figure><div class=\"wp-block-media-text__content\">\n<p class=\"eplus-dtnl0J has-stk-global-color-57259-color has-text-color has-medium-font-size eplus-wrapper\"><em>Nos derni\u00e8res framboises&nbsp;de l&rsquo;ann\u00e9e<\/em><\/p>\n<\/div><\/div>\n\n\n\n<div style=\"height:68px\" aria-hidden=\"true\" class=\"eplus-VBxqSU wp-block-spacer eplus-wrapper\"><\/div>\n\n\n\n<h2 class=\"eplus-hRcHM3 wp-block-heading eplus-wrapper\">Qu\u2019est-ce que la macro-photographie&nbsp;?<\/h2>\n\n\n<p class=\"eplus-ucqKHa eplus-wrapper eplus-styles-uid-24b8d8\">\u00ab\u00a0J\u2019ai toujours \u00e9t\u00e9 fascin\u00e9 par le monde de l\u2019infiniment petit. Lorsque j\u2019ai commenc\u00e9 \u00e0 apprendre les rouages de la photographie, je me suis rapidement tourn\u00e9 vers les techniques de la macrophoto en milieu naturel. En effet, j\u2019avais l\u2019impression d\u2019avoir<strong>\u00a0le super pouvoir de voir l\u2019invisible !<\/strong>\u00a0<br>Et \u00e7\u00e0 c\u2019\u00e9tait vraiment trop cool \u2026 et un peu bizarre aussi pour mes amis et mon entourage.<\/p>\n\n\n<p class=\"eplus-An9MBf has-stk-global-color-65192-color has-text-color eplus-wrapper\">Qui n\u2019a jamais eu des remarques du style :&nbsp;<br><em>Mais tu fais quoi l\u00e0 ? Tu photographies un bout de feuille ? T\u2019as pas autre chose \u00e0 photographier ? &#8230;\u00a0\u00bb<\/em><\/p>\n\n\n\n<h6 class=\"eplus-ez0xzn wp-block-heading eplus-wrapper\">Gros plan ou macro-photographie ?<\/h6>\n\n\n<p class=\"eplus-hcSFrs eplus-wrapper eplus-styles-uid-24b8d8\">\u00ab\u00a0Quand on entend macro-photographie on pense directement \u00e0 des gros plans, des photos de d\u00e9tails. Au d\u00e9but c\u2019est ce que l\u2019on essaye de faire, une photo avec un plan tr\u00e8s rapproch\u00e9 mais apr\u00e8s coup on peut trouver l\u2019image un peu fade. La composition est la partie la plus importante, et s\u00fbrement la plus difficile en macro photographie. Des fois avec un peu plus de recul, on peut int\u00e9grer un fond et une ambiance qui vont mettre en valeur le sujet&#8230;\u00a0\u00bb<br><a href=\"https:\/\/lemag.nikonclub.fr\/conseils-macro-photographie\/\" target=\"_blank\" rel=\"noreferrer noopener\">https:\/\/lemag.nikonclub.fr\/conseils-macro-photographie\/<\/a><\/p>\n\n\n<h6 class=\"eplus-IVSrJu wp-block-heading eplus-wrapper\">Conseils pour d\u00e9buter la macro-photographie<\/h6>\n\n\n<p class=\"eplus-4vcUd6 eplus-wrapper eplus-styles-uid-24b8d8\">\u00ab\u00a0La prise de vue en macrophotographie requiert des comp\u00e9tences sp\u00e9cifiques qui peuvent \u00eatre affin\u00e9es avec la pratique. Voici quelques conseils pour commencer :<\/p>\n\n<p class=\"eplus-aACAoT eplus-wrapper eplus-styles-uid-24b8d8\"><span style=\"color: var(--stk-global-color-65192, #008000);\" class=\"ugb-highlight\">Gardez la distance \u00e0 l\u2019esprit :<\/span><br>Lorsque vous choisissez un objectif macro, vous devez garder \u00e0 l\u2019esprit la distance de travail. Il s\u2019agit de la distance de mise au point entre l\u2019extr\u00e9mit\u00e9 de l\u2019objectif macro et le sujet. Plus l\u2019objectif est petit, plus la distance de travail est courte. Si l\u2019objectif est trop petit, vous devrez vous approcher de votre sujet si pr\u00e8s que vous risquez de l\u2019effrayer&#8230;\u00a0\u00bb<\/p>\n\n\n<h2 class=\"eplus-g59sNO wp-block-heading eplus-wrapper\">L\u2019objectif macro, lequel choisir et comment ?<\/h2>\n\n\n<p class=\"eplus-RW2dHU eplus-wrapper eplus-styles-uid-24b8d8\">\u00ab\u00a0On va commencer simplement par la base sans non plus trop rentrer dans les d\u00e9tails pour \u00e9viter les maux de t\u00eate. Aussi connu sous le nom de grandissement, le rapport de reproduction repr\u00e9sente le rapport entre la taille d\u2019un sujet photographi\u00e9 et celle de son image sur le capteur de votre appareil photo. \u00c7a veut dire quoi concr\u00e8tement ? Si votre sujet mesure 1 cm dans le monde r\u00e9el et qu\u2019il mesure aussi 1 cm sur l\u2019image, alors on parle d\u2019un rapport de reproduction 1:1.\u00a0\u00bb<br><a href=\"https:\/\/lesdeuxpiedsdehors.com\/objectif-macro-photo\/\">https:\/\/lesdeuxpiedsdehors.com\/objectif-macro-photo\/<\/a><\/p>\n\n\n<hr class=\"eplus-pOxWJZ wp-block-separator has-css-opacity eplus-wrapper\"\/>\n\n\n\n<h2 class=\"eplus-c3coX9 wp-block-heading eplus-wrapper\">Smartphones : 17 r\u00e9glages \u00e0 ma\u00eetriser pour r\u00e9aliser de meilleures photos<\/h2>\n\n\n<p class=\"eplus-QTzt5s eplus-wrapper eplus-styles-uid-24b8d8\">\u00ab\u00a0Ce n&rsquo;est pas parce que vous utilisez un smartphone que vous devez vous contenter du mode automatique et des r\u00e9glages par d\u00e9faut. Comme avec tous les appareils photo num\u00e9riques traditionnels, modifier quelques-uns des nombreux param\u00e8tres disponibles avant de prendre une photo peut grandement am\u00e9liorer vos images&#8230;\u00a0\u00bb<br><a href=\"https:\/\/www.cnetfrance.fr\/produits\/smartphones-17-reglages-a-maitriser-pour-realiser-de-meilleures-photos-39803459.htm\" target=\"_blank\" rel=\"noreferrer noopener\">https:\/\/www.cnetfrance.fr\/produits\/smartphones-17-reglages-a-maitriser-pour-realiser-de-meilleures-photos-39803459.htm<\/a><\/p>\n\n\n<h2 class=\"eplus-9zFQ42 wp-block-heading eplus-wrapper\">Nouveau : 2 vid\u00e9os<\/h2>\n\n\n\n<figure class=\" eplus-6tFln5 wp-embed-aspect-16-9 wp-has-aspect-ratio wp-block-embed is-type-video is-provider-youtube wp-block-embed-youtube eplus-wrapper\"><div class=\"wp-block-embed__wrapper\">\n<iframe loading=\"lazy\" title=\"PHOTO MACRO, TUTO &amp; ASTUCES PARTIE 3 (MES REGLAGES) !\" width=\"750\" height=\"422\" src=\"https:\/\/www.youtube.com\/embed\/u-ml86DI1iA?feature=oembed\" frameborder=\"0\" allow=\"accelerometer; autoplay; clipboard-write; encrypted-media; gyroscope; picture-in-picture; web-share\" allowfullscreen><\/iframe>\n<\/div><\/figure>\n\n\n\n<hr class=\"eplus-Lc4NSQ wp-block-separator has-css-opacity eplus-wrapper\"\/>\n\n\n\n<figure class=\" eplus-jSeQy9 wp-embed-aspect-16-9 wp-has-aspect-ratio wp-block-embed is-type-video is-provider-youtube wp-block-embed-youtube eplus-wrapper\"><div class=\"wp-block-embed__wrapper\">\n<iframe loading=\"lazy\" title=\"Bien choisir son mat\u00e9riel - La macro photographie\" width=\"750\" height=\"422\" src=\"https:\/\/www.youtube.com\/embed\/4DcVDncu4QQ?feature=oembed\" frameborder=\"0\" allow=\"accelerometer; autoplay; clipboard-write; encrypted-media; gyroscope; picture-in-picture; web-share\" allowfullscreen><\/iframe>\n<\/div><\/figure>\n","protected":false},"excerpt":{"rendered":"<p>Nos derni\u00e8res framboises&nbsp;de l&rsquo;ann\u00e9e Qu\u2019est-ce que la macro-photographie&nbsp;? \u00ab\u00a0J\u2019ai toujours \u00e9t\u00e9 fascin\u00e9 par le monde de l\u2019infiniment petit. Lorsque j\u2019ai commenc\u00e9 \u00e0 apprendre les rouages de la photographie, je me suis rapidement tourn\u00e9 vers les techniques de la macrophoto en milieu naturel. En effet, j\u2019avais l\u2019impression d\u2019avoir\u00a0le super pouvoir de [&hellip;]<\/p>\n","protected":false},"author":1,"featured_media":966,"parent":5,"menu_order":10,"comment_status":"closed","ping_status":"closed","template":"page-templates\/template-fullwidth.php","meta":{"_coblocks_attr":"","_coblocks_dimensions":"","_coblocks_responsive_height":"","_coblocks_accordion_ie_support":"","editor_plus_copied_stylings":"{}","_themeisle_gutenberg_block_has_review":false,"footnotes":""},"class_list":["post-767","page","type-page","status-publish","has-post-thumbnail","hentry"],"featured_image_urls_v2":{"full":["https:\/\/www.diap7.fr\/wordpress\/wp-content\/uploads\/entete\/baie_authie.jpg",1920,450,false],"thumbnail":["https:\/\/www.diap7.fr\/wordpress\/wp-content\/uploads\/entete\/baie_authie-150x150.jpg",150,150,true],"medium":["https:\/\/www.diap7.fr\/wordpress\/wp-content\/uploads\/entete\/baie_authie-300x70.jpg",300,70,true],"medium_large":["https:\/\/www.diap7.fr\/wordpress\/wp-content\/uploads\/entete\/baie_authie-768x180.jpg",750,176,true],"large":["https:\/\/www.diap7.fr\/wordpress\/wp-content\/uploads\/entete\/baie_authie-1024x240.jpg",750,176,true],"1536x1536":["https:\/\/www.diap7.fr\/wordpress\/wp-content\/uploads\/entete\/baie_authie-1536x360.jpg",1536,360,true],"2048x2048":["https:\/\/www.diap7.fr\/wordpress\/wp-content\/uploads\/entete\/baie_authie.jpg",1920,450,false],"hestia-blog":["https:\/\/www.diap7.fr\/wordpress\/wp-content\/uploads\/entete\/baie_authie-360x240.jpg",360,240,true]},"post_excerpt_stackable_v2":"<p>Nos derni\u00e8res framboises&nbsp;de l&rsquo;ann\u00e9e Qu\u2019est-ce que la macro-photographie&nbsp;? \u00ab\u00a0J\u2019ai toujours \u00e9t\u00e9 fascin\u00e9 par le monde de l\u2019infiniment petit. Lorsque j\u2019ai commenc\u00e9 \u00e0 apprendre les rouages de la photographie, je me suis rapidement tourn\u00e9 vers les techniques de la macrophoto en milieu naturel. En effet, j\u2019avais l\u2019impression d\u2019avoir\u00a0le super pouvoir de voir l\u2019invisible !\u00a0Et \u00e7\u00e0 c\u2019\u00e9tait vraiment trop cool \u2026 et un peu bizarre aussi pour mes amis et mon entourage. Qui n\u2019a jamais eu des remarques du style :&nbsp;Mais tu fais quoi l\u00e0 ? Tu photographies un bout de feuille ? T\u2019as pas autre chose \u00e0 photographier ? &#8230;\u00a0\u00bb Gros\u2026<\/p>\n","category_list_v2":"","author_info_v2":{"name":"Georges7","url":"https:\/\/www.diap7.fr\/wordpress\/author\/georges7\/"},"comments_num_v2":"0 commentaire","featured_image_src":"https:\/\/www.diap7.fr\/wordpress\/wp-content\/uploads\/entete\/baie_authie.jpg","_links":{"self":[{"href":"https:\/\/www.diap7.fr\/wordpress\/wp-json\/wp\/v2\/pages\/767","targetHints":{"allow":["GET"]}}],"collection":[{"href":"https:\/\/www.diap7.fr\/wordpress\/wp-json\/wp\/v2\/pages"}],"about":[{"href":"https:\/\/www.diap7.fr\/wordpress\/wp-json\/wp\/v2\/types\/page"}],"author":[{"embeddable":true,"href":"https:\/\/www.diap7.fr\/wordpress\/wp-json\/wp\/v2\/users\/1"}],"replies":[{"embeddable":true,"href":"https:\/\/www.diap7.fr\/wordpress\/wp-json\/wp\/v2\/comments?post=767"}],"version-history":[{"count":0,"href":"https:\/\/www.diap7.fr\/wordpress\/wp-json\/wp\/v2\/pages\/767\/revisions"}],"up":[{"embeddable":true,"href":"https:\/\/www.diap7.fr\/wordpress\/wp-json\/wp\/v2\/pages\/5"}],"wp:featuredmedia":[{"embeddable":true,"href":"https:\/\/www.diap7.fr\/wordpress\/wp-json\/wp\/v2\/media\/966"}],"wp:attachment":[{"href":"https:\/\/www.diap7.fr\/wordpress\/wp-json\/wp\/v2\/media?parent=767"}],"curies":[{"name":"wp","href":"https:\/\/api.w.org\/{rel}","templated":true}]}}

<div class="eplus-VXwHhl wp-block-media-text alignwide is-stacked-on-mobile eplus-wrapper"><figure class="wp-block-media-text__media"><img loading="lazy" decoding="async" width="1024" height="681" src="https://www.diap7.fr/wordpress/wp-content/uploads/passion-photo/framboise-1024x681.jpg" alt="" class="wp-image-982 size-full"/></figure><div class="wp-block-media-text__content">
<p class="eplus-dtnl0J has-stk-global-color-57259-color has-text-color has-medium-font-size eplus-wrapper"><em>Nos dernières framboises&nbsp;de l&rsquo;année</em></p>
</div></div>



<div style="height:68px" aria-hidden="true" class="eplus-VBxqSU wp-block-spacer eplus-wrapper"></div>



<h2 class="eplus-hRcHM3 wp-block-heading eplus-wrapper">Qu’est-ce que la macro-photographie&nbsp;?</h2>


<p class="eplus-ucqKHa eplus-wrapper eplus-styles-uid-24b8d8">« J’ai toujours été fasciné par le monde de l’infiniment petit. Lorsque j’ai commencé à apprendre les rouages de la photographie, je me suis rapidement tourné vers les techniques de la macrophoto en milieu naturel. En effet, j’avais l’impression d’avoir<strong> le super pouvoir de voir l’invisible !</strong> <br>Et çà c’était vraiment trop cool … et un peu bizarre aussi pour mes amis et mon entourage.</p>


<p class="eplus-An9MBf has-stk-global-color-65192-color has-text-color eplus-wrapper">Qui n’a jamais eu des remarques du style :&nbsp;<br><em>Mais tu fais quoi là ? Tu photographies un bout de feuille ? T’as pas autre chose à photographier ? &#8230; »</em></p>



<h6 class="eplus-ez0xzn wp-block-heading eplus-wrapper">Gros plan ou macro-photographie ?</h6>


<p class="eplus-hcSFrs eplus-wrapper eplus-styles-uid-24b8d8">« Quand on entend macro-photographie on pense directement à des gros plans, des photos de détails. Au début c’est ce que l’on essaye de faire, une photo avec un plan très rapproché mais après coup on peut trouver l’image un peu fade. La composition est la partie la plus importante, et sûrement la plus difficile en macro photographie. Des fois avec un peu plus de recul, on peut intégrer un fond et une ambiance qui vont mettre en valeur le sujet&#8230; »<br><a href="https://lemag.nikonclub.fr/conseils-macro-photographie/" target="_blank" rel="noreferrer noopener">https://lemag.nikonclub.fr/conseils-macro-photographie/</a></p>


<h6 class="eplus-IVSrJu wp-block-heading eplus-wrapper">Conseils pour débuter la macro-photographie</h6>


<p class="eplus-4vcUd6 eplus-wrapper eplus-styles-uid-24b8d8">« La prise de vue en macrophotographie requiert des compétences spécifiques qui peuvent être affinées avec la pratique. Voici quelques conseils pour commencer :</p>

<p class="eplus-aACAoT eplus-wrapper eplus-styles-uid-24b8d8"><span style="color: var(--stk-global-color-65192, #008000);" class="ugb-highlight">Gardez la distance à l’esprit :</span><br>Lorsque vous choisissez un objectif macro, vous devez garder à l’esprit la distance de travail. Il s’agit de la distance de mise au point entre l’extrémité de l’objectif macro et le sujet. Plus l’objectif est petit, plus la distance de travail est courte. Si l’objectif est trop petit, vous devrez vous approcher de votre sujet si près que vous risquez de l’effrayer&#8230; »</p>


<h2 class="eplus-g59sNO wp-block-heading eplus-wrapper">L’objectif macro, lequel choisir et comment ?</h2>


<p class="eplus-RW2dHU eplus-wrapper eplus-styles-uid-24b8d8">« On va commencer simplement par la base sans non plus trop rentrer dans les détails pour éviter les maux de tête. Aussi connu sous le nom de grandissement, le rapport de reproduction représente le rapport entre la taille d’un sujet photographié et celle de son image sur le capteur de votre appareil photo. Ça veut dire quoi concrètement ? Si votre sujet mesure 1 cm dans le monde réel et qu’il mesure aussi 1 cm sur l’image, alors on parle d’un rapport de reproduction 1:1. »<br><a href="https://lesdeuxpiedsdehors.com/objectif-macro-photo/">https://lesdeuxpiedsdehors.com/objectif-macro-photo/</a></p>


<hr class="eplus-pOxWJZ wp-block-separator has-css-opacity eplus-wrapper"/>



<h2 class="eplus-c3coX9 wp-block-heading eplus-wrapper">Smartphones : 17 réglages à maîtriser pour réaliser de meilleures photos</h2>


<p class="eplus-QTzt5s eplus-wrapper eplus-styles-uid-24b8d8">« Ce n&rsquo;est pas parce que vous utilisez un smartphone que vous devez vous contenter du mode automatique et des réglages par défaut. Comme avec tous les appareils photo numériques traditionnels, modifier quelques-uns des nombreux paramètres disponibles avant de prendre une photo peut grandement améliorer vos images&#8230; »<br><a href="https://www.cnetfrance.fr/produits/smartphones-17-reglages-a-maitriser-pour-realiser-de-meilleures-photos-39803459.htm" target="_blank" rel="noreferrer noopener">https://www.cnetfrance.fr/produits/smartphones-17-reglages-a-maitriser-pour-realiser-de-meilleures-photos-39803459.htm</a></p>


<h2 class="eplus-9zFQ42 wp-block-heading eplus-wrapper">Nouveau : 2 vidéos</h2>



<figure class=" eplus-6tFln5 wp-embed-aspect-16-9 wp-has-aspect-ratio wp-block-embed is-type-video is-provider-youtube wp-block-embed-youtube eplus-wrapper"><div class="wp-block-embed__wrapper">
<iframe loading="lazy" title="PHOTO MACRO, TUTO &amp; ASTUCES PARTIE 3 (MES REGLAGES) !" width="750" height="422" src="https://www.youtube.com/embed/u-ml86DI1iA?feature=oembed" frameborder="0" allow="accelerometer; autoplay; clipboard-write; encrypted-media; gyroscope; picture-in-picture; web-share" allowfullscreen></iframe>
</div></figure>



<hr class="eplus-Lc4NSQ wp-block-separator has-css-opacity eplus-wrapper"/>



<figure class=" eplus-jSeQy9 wp-embed-aspect-16-9 wp-has-aspect-ratio wp-block-embed is-type-video is-provider-youtube wp-block-embed-youtube eplus-wrapper"><div class="wp-block-embed__wrapper">
<iframe loading="lazy" title="Bien choisir son matériel - La macro photographie" width="750" height="422" src="https://www.youtube.com/embed/4DcVDncu4QQ?feature=oembed" frameborder="0" allow="accelerometer; autoplay; clipboard-write; encrypted-media; gyroscope; picture-in-picture; web-share" allowfullscreen></iframe>
</div></figure>

<p>Nos dernières framboises&nbsp;de l&rsquo;année Qu’est-ce que la macro-photographie&nbsp;? « J’ai toujours été fasciné par le monde de l’infiniment petit. Lorsque j’ai commencé à apprendre les rouages de la photographie, je me suis rapidement tourné vers les techniques de la macrophoto en milieu naturel. En effet, j’avais l’impression d’avoir le super pouvoir de [&hellip;]</p>

<p>Nos dernières framboises&nbsp;de l&rsquo;année Qu’est-ce que la macro-photographie&nbsp;? « J’ai toujours été fasciné par le monde de l’infiniment petit. Lorsque j’ai commencé à apprendre les rouages de la photographie, je me suis rapidement tourné vers les techniques de la macrophoto en milieu naturel. En effet, j’avais l’impression d’avoir le super pouvoir de voir l’invisible ! Et çà c’était vraiment trop cool … et un peu bizarre aussi pour mes amis et mon entourage. Qui n’a jamais eu des remarques du style :&nbsp;Mais tu fais quoi là ? Tu photographies un bout de feuille ? T’as pas autre chose à photographier ? &#8230; » Gros…</p>
