{"id":772,"date":"2021-01-10T14:26:00","date_gmt":"2021-01-10T13:26:00","guid":{"rendered":"http:\/\/www.diap7.fr\/wordpress\/?page_id=772"},"modified":"2023-12-18T15:09:03","modified_gmt":"2023-12-18T14:09:03","slug":"printemps","status":"publish","type":"page","link":"https:\/\/www.diap7.fr\/wordpress\/passion-photo\/printemps\/","title":{"rendered":"Le printemps et ses fleurs"},"content":{"rendered":"\n<div class=\"eplus-Ae4m0x eplus-wrapper wp-block-media-text alignwide is-stacked-on-mobile\"><figure class=\"wp-block-media-text__media\"><img loading=\"lazy\" decoding=\"async\" width=\"1024\" height=\"681\" src=\"https:\/\/www.diap7.fr\/wordpress\/wp-content\/uploads\/passion-photo\/numero-9-1024x681.jpg\" alt=\"\" class=\"wp-image-14 size-full\"\/><\/figure><div class=\"wp-block-media-text__content\">\n<p class=\"eplus-UGEUZg eplus-wrapper has-text-align-center has-medium-font-size\"><em><span style=\"color: var(--stk-global-color-65192, #008000);\" class=\"ugb-highlight\">Le magnolia tient son nom du botaniste fran\u00e7ais Pierre Magnol. Il en ramena de la Louisiane en 1731 et l&rsquo;acclimata dans la ville de Nantes.<br>C&rsquo;est seulement en 1838 qu&rsquo;un autre magnolia arriva \u00e0 la Malmaison : il ne fleurit que six ans plus tard.<\/span><\/em><\/p>\n<\/div><\/div>\n\n\n\n<div style=\"height:51px\" aria-hidden=\"true\" class=\"eplus-OIsMRJ eplus-wrapper wp-block-spacer\"><\/div>\n\n\n\n<h2 class=\"eplus-3Dd9Jy eplus-wrapper wp-block-heading\">Photos en direct des Hauts De France<\/h2>\n\n\n\n<p class=\"eplus-8oVsjb eplus-wrapper\">Le Prunus retombant<\/p>\n\n\n\n<figure class=\"eplus-E96n6m eplus-wrapper wp-block-gallery has-nested-images columns-default is-cropped wp-block-gallery-1 is-layout-flex wp-block-gallery-is-layout-flex\">\n<figure class=\"eplus-wrapper wp-block-image size-large\"><img loading=\"lazy\" decoding=\"async\" width=\"1024\" height=\"649\" data-id=\"1154\" src=\"https:\/\/www.diap7.fr\/wordpress\/wp-content\/uploads\/passion-photo\/devanture_maison-1024x649.jpg\" alt=\"\" class=\"wp-image-1154\" srcset=\"https:\/\/www.diap7.fr\/wordpress\/wp-content\/uploads\/passion-photo\/devanture_maison-1024x649.jpg 1024w, https:\/\/www.diap7.fr\/wordpress\/wp-content\/uploads\/passion-photo\/devanture_maison-300x190.jpg 300w, https:\/\/www.diap7.fr\/wordpress\/wp-content\/uploads\/passion-photo\/devanture_maison-768x487.jpg 768w, https:\/\/www.diap7.fr\/wordpress\/wp-content\/uploads\/passion-photo\/devanture_maison.jpg 1189w\" sizes=\"auto, (max-width: 1024px) 100vw, 1024px\" \/><\/figure>\n\n\n\n<figure class=\"eplus-wrapper wp-block-image size-large\"><img loading=\"lazy\" decoding=\"async\" width=\"1024\" height=\"681\" data-id=\"1155\" src=\"https:\/\/www.diap7.fr\/wordpress\/wp-content\/uploads\/passion-photo\/prunus-1024x681.jpg\" alt=\"\" class=\"wp-image-1155\" srcset=\"https:\/\/www.diap7.fr\/wordpress\/wp-content\/uploads\/passion-photo\/prunus-1024x681.jpg 1024w, https:\/\/www.diap7.fr\/wordpress\/wp-content\/uploads\/passion-photo\/prunus-300x200.jpg 300w, https:\/\/www.diap7.fr\/wordpress\/wp-content\/uploads\/passion-photo\/prunus-768x511.jpg 768w, https:\/\/www.diap7.fr\/wordpress\/wp-content\/uploads\/passion-photo\/prunus-360x240.jpg 360w, https:\/\/www.diap7.fr\/wordpress\/wp-content\/uploads\/passion-photo\/prunus.jpg 1200w\" sizes=\"auto, (max-width: 1024px) 100vw, 1024px\" \/><\/figure>\n<\/figure>\n\n\n\n<div style=\"height:100px\" aria-hidden=\"true\" class=\" wp-block-spacer eplus-wrapper\"><\/div>\n\n\n\n<p class=\"eplus-0OC7Sx eplus-wrapper\"><em>Dans notre lotissement, la municipalit\u00e9 a plant\u00e9 des arbres dont des pommiers, nous profitons tous des fruits en saison.<\/em><\/p>\n\n\n\n<figure class=\"eplus-k2KUuj eplus-wrapper wp-block-gallery has-nested-images columns-5 is-cropped has-lightbox wp-block-gallery-2 is-layout-flex wp-block-gallery-is-layout-flex\">\n<figure class=\"eplus-wrapper wp-block-image size-large\"><img loading=\"lazy\" decoding=\"async\" width=\"598\" height=\"900\" data-id=\"1156\" src=\"https:\/\/www.diap7.fr\/wordpress\/wp-content\/uploads\/passion-photo\/pommier0.jpg\" alt=\"\" class=\"wp-image-1156\" srcset=\"https:\/\/www.diap7.fr\/wordpress\/wp-content\/uploads\/passion-photo\/pommier0.jpg 598w, https:\/\/www.diap7.fr\/wordpress\/wp-content\/uploads\/passion-photo\/pommier0-199x300.jpg 199w\" sizes=\"auto, (max-width: 598px) 100vw, 598px\" \/><\/figure>\n\n\n\n<figure class=\"eplus-wrapper wp-block-image size-large\"><img loading=\"lazy\" decoding=\"async\" width=\"1024\" height=\"681\" data-id=\"1157\" src=\"https:\/\/www.diap7.fr\/wordpress\/wp-content\/uploads\/passion-photo\/pommier1-1024x681.jpg\" alt=\"\" class=\"wp-image-1157\" srcset=\"https:\/\/www.diap7.fr\/wordpress\/wp-content\/uploads\/passion-photo\/pommier1-1024x681.jpg 1024w, https:\/\/www.diap7.fr\/wordpress\/wp-content\/uploads\/passion-photo\/pommier1-300x200.jpg 300w, https:\/\/www.diap7.fr\/wordpress\/wp-content\/uploads\/passion-photo\/pommier1-768x511.jpg 768w, https:\/\/www.diap7.fr\/wordpress\/wp-content\/uploads\/passion-photo\/pommier1-360x240.jpg 360w, https:\/\/www.diap7.fr\/wordpress\/wp-content\/uploads\/passion-photo\/pommier1.jpg 1200w\" sizes=\"auto, (max-width: 1024px) 100vw, 1024px\" \/><\/figure>\n\n\n\n<figure class=\"eplus-wrapper wp-block-image size-large\"><img loading=\"lazy\" decoding=\"async\" width=\"1024\" height=\"681\" data-id=\"1158\" src=\"https:\/\/www.diap7.fr\/wordpress\/wp-content\/uploads\/passion-photo\/pommier2-1024x681.jpg\" alt=\"\" class=\"wp-image-1158\" srcset=\"https:\/\/www.diap7.fr\/wordpress\/wp-content\/uploads\/passion-photo\/pommier2-1024x681.jpg 1024w, https:\/\/www.diap7.fr\/wordpress\/wp-content\/uploads\/passion-photo\/pommier2-300x200.jpg 300w, https:\/\/www.diap7.fr\/wordpress\/wp-content\/uploads\/passion-photo\/pommier2-768x511.jpg 768w, https:\/\/www.diap7.fr\/wordpress\/wp-content\/uploads\/passion-photo\/pommier2-360x240.jpg 360w, https:\/\/www.diap7.fr\/wordpress\/wp-content\/uploads\/passion-photo\/pommier2.jpg 1200w\" sizes=\"auto, (max-width: 1024px) 100vw, 1024px\" \/><\/figure>\n\n\n\n<figure class=\"eplus-wrapper wp-block-image size-large\"><img loading=\"lazy\" decoding=\"async\" width=\"1024\" height=\"681\" data-id=\"1159\" src=\"https:\/\/www.diap7.fr\/wordpress\/wp-content\/uploads\/passion-photo\/pommier3-1024x681.jpg\" alt=\"\" class=\"wp-image-1159\" srcset=\"https:\/\/www.diap7.fr\/wordpress\/wp-content\/uploads\/passion-photo\/pommier3-1024x681.jpg 1024w, https:\/\/www.diap7.fr\/wordpress\/wp-content\/uploads\/passion-photo\/pommier3-300x200.jpg 300w, https:\/\/www.diap7.fr\/wordpress\/wp-content\/uploads\/passion-photo\/pommier3-768x511.jpg 768w, https:\/\/www.diap7.fr\/wordpress\/wp-content\/uploads\/passion-photo\/pommier3-360x240.jpg 360w, https:\/\/www.diap7.fr\/wordpress\/wp-content\/uploads\/passion-photo\/pommier3.jpg 1200w\" sizes=\"auto, (max-width: 1024px) 100vw, 1024px\" \/><\/figure>\n\n\n\n<figure class=\"eplus-wrapper wp-block-image size-large\"><img loading=\"lazy\" decoding=\"async\" width=\"598\" height=\"900\" data-id=\"1160\" src=\"https:\/\/www.diap7.fr\/wordpress\/wp-content\/uploads\/passion-photo\/pommier4.jpg\" alt=\"\" class=\"wp-image-1160\" srcset=\"https:\/\/www.diap7.fr\/wordpress\/wp-content\/uploads\/passion-photo\/pommier4.jpg 598w, https:\/\/www.diap7.fr\/wordpress\/wp-content\/uploads\/passion-photo\/pommier4-199x300.jpg 199w\" sizes=\"auto, (max-width: 598px) 100vw, 598px\" \/><\/figure>\n<\/figure>\n\n\n\n<p class=\"eplus-kjUmDj eplus-wrapper has-text-align-center\">Les pommiers (pas seulement qu&rsquo;en Normandie !)<\/p>\n\n\n\n<h2 class=\"eplus-0hM1qL eplus-wrapper wp-block-heading\">Cinq astuces pour r\u00e9ussir vos photos de fleurs<\/h2>\n\n\n\n<p class=\"eplus-PdGyWH eplus-wrapper\">Avec l\u2019arriv\u00e9e du&nbsp;printemps, la nature se r\u00e9veille progressivement de son long sommeil hivernal. Les arbres se mettent \u00e0 bourgeonner, les premi\u00e8res fleurs commencent \u00e0 \u00e9clore, les oiseaux chantent\u2026<br>Recommandations pour de belles photos de fleurs :<\/p>\n\n\n\n<p class=\"eplus-50UJPv eplus-wrapper\">Soignez l\u2019arri\u00e8re-plan<br>Surveillez le vent<br>Changez de point de vue<br>Choisissez la bonne lumi\u00e8re<br>Remplissez le cadre<\/p>\n\n\n\n<h2 class=\"eplus-OtteHB eplus-wrapper wp-block-heading\">Dix conseils pour photographier le printemps et ses fleurs<\/h2>\n\n\n\n<p class=\"eplus-Cx5fpa eplus-wrapper\">Aaaaah le printemps\u2026 tous ces arbres en fleurs, ces feuilles et fleurs multicolores\u2026 et le soleil qui pointe son nez : un r\u00e9gal pour les photographes, et une excellente saison pour aiguiser votre sens de l\u2019observation !<\/p>\n\n\n\n<div class=\"eplus-WUijFS eplus-wrapper wp-block-media-text alignwide is-stacked-on-mobile\"><figure class=\"wp-block-media-text__media\"><img loading=\"lazy\" decoding=\"async\" width=\"1024\" height=\"683\" src=\"https:\/\/www.diap7.fr\/wordpress\/wp-content\/uploads\/passion-photo\/3photos-1024x683.jpg\" alt=\"\" class=\"wp-image-1162 size-full\" srcset=\"https:\/\/www.diap7.fr\/wordpress\/wp-content\/uploads\/passion-photo\/3photos-1024x683.jpg 1024w, https:\/\/www.diap7.fr\/wordpress\/wp-content\/uploads\/passion-photo\/3photos-300x200.jpg 300w, https:\/\/www.diap7.fr\/wordpress\/wp-content\/uploads\/passion-photo\/3photos-768x512.jpg 768w, https:\/\/www.diap7.fr\/wordpress\/wp-content\/uploads\/passion-photo\/3photos-360x240.jpg 360w, https:\/\/www.diap7.fr\/wordpress\/wp-content\/uploads\/passion-photo\/3photos.jpg 1200w\" sizes=\"auto, (max-width: 1024px) 100vw, 1024px\" \/><\/figure><div class=\"wp-block-media-text__content\">\n<p class=\"eplus-8HFkbq eplus-wrapper has-text-align-center has-medium-font-size\">Le&nbsp;r\u00e9tro-\u00e9clairage : la lumi\u00e8re \u00e9claire par l\u2019arri\u00e8re du sujet, pour capter le halo du soleil ou mettre en valeur la silhouette du sujet photographi\u00e9&#8230;<br>La direction de la lumi\u00e8re&nbsp;<br>Choisir un centre d&rsquo;attention clair<\/p>\n<\/div><\/div>\n\n\n\n<p class=\"eplus-NviU9w eplus-wrapper\"><br><a rel=\"noreferrer noopener\" href=\"http:\/\/tontonphoto.fr\/10-conseils-photographier-printemps-fleurs\/\" target=\"_blank\">http:\/\/tontonphoto.fr\/10-conseils-photographier-printemps-fleurs\/<\/a><\/p>\n\n\n\n<h2 class=\"eplus-xLphnx eplus-wrapper wp-block-heading\">Arrosoirs et s\u00e9cateurs :&nbsp;Photographier des fleurs et des jardins.&nbsp;Conseils de base<\/h2>\n\n\n\n<p class=\"eplus-zYlayc eplus-wrapper\">Il faut&nbsp;<strong>\u00e9viter<\/strong>&nbsp;sur la photo d\u2019une fleur,&nbsp;<strong>d\u2019avoir en arri\u00e8re-plan un \u00e9l\u00e9ment parasite<\/strong>&nbsp;qui va attirer le regard (une autre fleur, un objet\u2026).<\/p>\n\n\n\n<p class=\"eplus-9v7DVu eplus-wrapper\">Choisir un&nbsp;<strong>fond pratiquement uni et neutre<\/strong>&nbsp;(ciel, pelouse, terre\u2026),<br>Avoir un&nbsp;<strong>arri\u00e8re-plan flou.<\/strong><br>Faire un&nbsp;<strong>cadrage serr\u00e9<\/strong>&nbsp;pour ne pas noyer la fleur dans un arri\u00e8re-plan trop vaste. Il faudra alors utiliser le zoom ou se rapprocher de la fleur au maximum.<\/p>\n\n\n\n<h2 class=\"eplus-6MexpL eplus-wrapper wp-block-heading\">PHOTOS DE FLEURS : 12 ASTUCES POUR IMMORTALISER LEUR BEAUT\u00c9<\/h2>\n\n\n\n<p class=\"eplus-bvWiOT eplus-wrapper\">Dans l\u2019h\u00e9misph\u00e8re nord, nous attendons la belle saison avec impatience. Malgr\u00e9 un printemps tardif, la nature reprend ses droits et bient\u00f4t les fleurs enjoliveront nos jardins. Avez-vous h\u00e2te ? Oh que oui ! Certes, les accessoires sont indispensables, mais quelques astuces simples nous permettront de r\u00e9aliser de belles photos de fleurs.<\/p>\n\n\n\n<p class=\"eplus-a0pIow eplus-wrapper\">Alors que les jardiniers ratissent leur terrain, pourquoi ne pas nous pr\u00e9parer \u00e0 capter les beaut\u00e9s ornementales ?<\/p>\n\n\n\n<p class=\"eplus-PtBJ6G eplus-wrapper\"><strong>Les insectes ajoutent une touche de vie amusante \u00e0 nos images<\/strong>. Parfois, ils nous sautent aux yeux (litt\u00e9ralement), ou d\u2019autres fois, il faut s\u2019armer de patience.<br><a href=\"https:\/\/annejutras.com\/photos-de-fleurs-11-astuces-pour-reussir-a-capturer-leur-beaute\/\" target=\"_blank\" rel=\"noreferrer noopener\">https:\/\/annejutras.com\/photos-de-fleurs-11-astuces-pour-reussir-a-capturer-leur-beaute\/<\/a><\/p>\n\n\n\n<p class=\"eplus-kVqLtY eplus-wrapper\"><strong>La Newsletter&nbsp;en date du 18 mars 2020 du photographe&nbsp;Fabien Beilhe, le sujet : le mat\u00e9riel<\/strong><\/p>\n\n\n\n<p class=\"eplus-KsAR63 eplus-wrapper\"><strong>Quand j\u2019ai commenc\u00e9 la photo, j\u2019avais une obsession pour le mat\u00e9riel.<\/strong><br>Je lisais tous les tests que je trouvais dans les magazines ou sur internet. J\u2019\u00e9tais au courant des derni\u00e8res nouveaut\u00e9s de chaque fabricant.<br>Et je suivais m\u00eame des sites sp\u00e9cialis\u00e9s pour savoir ce que les fabricants allaient proposer dans les mois suivants.\u200b<\/p>\n\n\n\n<p class=\"eplus-AJ6dyh eplus-wrapper\"><strong>Je ne sais pas si c\u2019est le cas de tous les photographes qui d\u00e9butent\u2026 Mais j\u2019ai quand m\u00eame l\u2019impression que c\u2019est assez r\u00e9pandu.<\/strong><br>En m\u00eame temps, \u00e7a peut s\u2019expliquer.<br>Quand on va investir dans un boitier ou un objectif qui coute plusieurs centaines d\u2019euros, on est plut\u00f4t prudent.<br>C\u2019est normal, c\u2019est un gros investissement pour la plupart d\u2019entre nous. Et on n\u2019a pas envie de faire un mauvais choix.\u200b<\/p>\n\n\n\n<p class=\"eplus-MK0Lq6 eplus-wrapper\"><strong>Et puis, il y a aussi tout ce que nous renvoie notre entourage.<\/strong><br>Tu sais, quand un proche qui n\u2019y connait rien en photo te dit que tes photos sont excellentes. Mais bon, que c\u2019est normal, car tu as un super appareil photo\u2026<br>D\u2019ailleurs, on entend souvent dans la bouche de certaines personnes : \u00ab je cherche un appareil qui fait de belles photos \u00bb.<br>Alors, inconsciemment, ces petites phrases font leur chemin\u2026 Et on en vient \u00e0 croire que le mat\u00e9riel est l\u2019\u00e9l\u00e9ment d\u00e9terminant pour r\u00e9ussir ses photos.\u200b<\/p>\n\n\n\n<p class=\"eplus-N4ysVg eplus-wrapper\"><strong>Remettons les choses en place\u2026<\/strong><br>Oui, certains appareils permettent de faire de meilleures photos que d\u2019autres. C\u2019est un fait incontestable.<br>Un reflex ou un hybride haut de gamme offre une meilleure qualit\u00e9 d\u2019image et des possibilit\u00e9s bien plus \u00e9tendues qu\u2019un compact basique.<br>Mais ce serait vraiment r\u00e9ducteur de penser que c\u2019est uniquement l\u2019appareil qui fait tout le travail\u2026\u200b<\/p>\n\n\n\n<p class=\"eplus-JmigrT eplus-wrapper\"><strong>Prenons un exemple.<\/strong><br>Je ne sais pas si l\u2019exp\u00e9rience a d\u00e9j\u00e0 \u00e9t\u00e9 faite, je serais curieux de savoir d\u2019ailleurs\u2026<br>Imaginons qu\u2019on r\u00e9unisse un photographe exp\u00e9riment\u00e9 et un photographe d\u00e9butant et qu\u2019on leur demande de photographier le m\u00eame sujet.<br>On donne un boitier haut de gamme au d\u00e9butant.<br>Et, pour corser les choses, on donne un compact basique au photographe exp\u00e9riment\u00e9.<br>\u00c0 ton avis, qui va le mieux s\u2019en sortir ?\u200b<\/p>\n\n\n\n<p class=\"eplus-R6xZgE eplus-wrapper\"><strong>Eh bien, le r\u00e9sultat sera sans appel.<\/strong><br>Le photographe exp\u00e9riment\u00e9 trouvera un angle original et fera une composition qui attire tout de suite le regard.<br>Il ma\u00eetrisera parfaitement la lumi\u00e8re et il saura l\u2019utiliser pour mettre en valeur son sujet.<br>Il mettra les r\u00e9glages \u00e0 son service pour prendre exactement les photos qu\u2019il a en t\u00eate.<br>Au final, le photographe exp\u00e9riment\u00e9 prendra de bien meilleures photos que le d\u00e9butant, m\u00eame s\u2019il a un appareil photo beaucoup plus limit\u00e9.\u200b<\/p>\n\n\n\n<p class=\"eplus-NRbS3a eplus-wrapper\"><strong>Cette histoire est fictive bien s\u00fbr, mais je pense que tu vois o\u00f9 je veux en venir.<\/strong><br>Tout cela pour dire qu\u2019il ne faut pas mettre syst\u00e9matiquement toute son \u00e9nergie et son attention dans le mat\u00e9riel.<br>Oui, c\u2019est important. Mais n\u2019en fais pas une obsession et ne crois pas que du bon mat\u00e9riel permet, comme par magie, de prendre de bonnes photos.<br>Car il y a aussi beaucoup d\u2019autres choses essentielles comme le regard du photographe, sa connaissance de la lumi\u00e8re, sa parfaite ma\u00eetrise des r\u00e9glages, etc.<br>Quand on a compris \u00e7a, on se sent mieux, et on peut avancer vers ce qui compte vraiment.<\/p>\n\n\n\n<p class=\"eplus-EifDla eplus-wrapper\">\u200b\u00c0 tr\u00e8s bient\u00f4t&nbsp;<\/p>\n\n\n\n<p class=\"eplus-VK0OFY eplus-wrapper\">Un petit mot concernant la situation difficile que nous traversons ces jours-ci&#8230; J&rsquo;esp\u00e8re que tout va bien pour vous&nbsp;et vos&nbsp;proches.<br>Je ne suis pas un professionnel de sant\u00e9, donc je me garderai bien de donner un avis sur le sujet.<br>La seule chose que je puisse dire, c&rsquo;est de <strong>respecter les consignes des autorit\u00e9s <\/strong>et<strong> de garder le moral<\/strong>.<br>Comme dit le proverbe : \u00ab\u00a0Apr\u00e8s la pluie, le beau temps\u00a0\u00bb.<\/p>\n\n\n\n<p class=\"eplus-hQ4GyW eplus-wrapper\"><strong>Fabien Beilhe<\/strong><br>Photographe et formateur<br><a href=\"https:\/\/el2.convertkit-mail.com\/c\/k0u4nwxqdka6h6qvmwfl\/08hwh9hk79k24p\/aHR0cHM6Ly93d3cuZmFiaWVuYmVpbGhlLmNvbQ==\" target=\"_blank\" rel=\"noreferrer noopener\">www.fabienbeilhe.com<\/a><strong>\u200b<\/strong><br><\/p>\n\n\n\n<div style=\"height:100px\" aria-hidden=\"true\" class=\" wp-block-spacer eplus-wrapper\"><\/div>\n","protected":false},"excerpt":{"rendered":"<p>Le magnolia tient son nom du botaniste fran\u00e7ais Pierre Magnol. Il en ramena de la Louisiane en 1731 et l&rsquo;acclimata dans la ville de Nantes.C&rsquo;est seulement en 1838 qu&rsquo;un autre magnolia arriva \u00e0 la Malmaison : il ne fleurit que six ans plus tard. Photos en direct des Hauts De [&hellip;]<\/p>\n","protected":false},"author":1,"featured_media":793,"parent":5,"menu_order":3,"comment_status":"closed","ping_status":"closed","template":"page-templates\/template-fullwidth.php","meta":{"_coblocks_attr":"","_coblocks_dimensions":"","_coblocks_responsive_height":"","_coblocks_accordion_ie_support":"","editor_plus_copied_stylings":"{}","_themeisle_gutenberg_block_has_review":false,"footnotes":""},"class_list":["post-772","page","type-page","status-publish","has-post-thumbnail","hentry"],"featured_image_urls_v2":{"full":["https:\/\/www.diap7.fr\/wordpress\/wp-content\/uploads\/entete\/prem1.jpg",1900,450,false],"thumbnail":["https:\/\/www.diap7.fr\/wordpress\/wp-content\/uploads\/entete\/prem1-150x150.jpg",150,150,true],"medium":["https:\/\/www.diap7.fr\/wordpress\/wp-content\/uploads\/entete\/prem1-300x71.jpg",300,71,true],"medium_large":["https:\/\/www.diap7.fr\/wordpress\/wp-content\/uploads\/entete\/prem1-768x182.jpg",750,178,true],"large":["https:\/\/www.diap7.fr\/wordpress\/wp-content\/uploads\/entete\/prem1-1024x243.jpg",750,178,true],"1536x1536":["https:\/\/www.diap7.fr\/wordpress\/wp-content\/uploads\/entete\/prem1-1536x364.jpg",1536,364,true],"2048x2048":["https:\/\/www.diap7.fr\/wordpress\/wp-content\/uploads\/entete\/prem1.jpg",1900,450,false],"hestia-blog":["https:\/\/www.diap7.fr\/wordpress\/wp-content\/uploads\/entete\/prem1-360x240.jpg",360,240,true]},"post_excerpt_stackable_v2":"<p>Le magnolia tient son nom du botaniste fran\u00e7ais Pierre Magnol. Il en ramena de la Louisiane en 1731 et l&rsquo;acclimata dans la ville de Nantes.C&rsquo;est seulement en 1838 qu&rsquo;un autre magnolia arriva \u00e0 la Malmaison : il ne fleurit que six ans plus tard. Photos en direct des Hauts De France Le Prunus retombant Dans notre lotissement, la municipalit\u00e9 a plant\u00e9 des arbres dont des pommiers, nous profitons tous des fruits en saison. Les pommiers (pas seulement qu&rsquo;en Normandie !) Cinq astuces pour r\u00e9ussir vos photos de fleurs Avec l\u2019arriv\u00e9e du&nbsp;printemps, la nature se r\u00e9veille progressivement de son long sommeil\u2026<\/p>\n","category_list_v2":"","author_info_v2":{"name":"Georges7","url":"https:\/\/www.diap7.fr\/wordpress\/author\/georges7\/"},"comments_num_v2":"0 commentaire","featured_image_src":"https:\/\/www.diap7.fr\/wordpress\/wp-content\/uploads\/entete\/prem1.jpg","_links":{"self":[{"href":"https:\/\/www.diap7.fr\/wordpress\/wp-json\/wp\/v2\/pages\/772","targetHints":{"allow":["GET"]}}],"collection":[{"href":"https:\/\/www.diap7.fr\/wordpress\/wp-json\/wp\/v2\/pages"}],"about":[{"href":"https:\/\/www.diap7.fr\/wordpress\/wp-json\/wp\/v2\/types\/page"}],"author":[{"embeddable":true,"href":"https:\/\/www.diap7.fr\/wordpress\/wp-json\/wp\/v2\/users\/1"}],"replies":[{"embeddable":true,"href":"https:\/\/www.diap7.fr\/wordpress\/wp-json\/wp\/v2\/comments?post=772"}],"version-history":[{"count":0,"href":"https:\/\/www.diap7.fr\/wordpress\/wp-json\/wp\/v2\/pages\/772\/revisions"}],"up":[{"embeddable":true,"href":"https:\/\/www.diap7.fr\/wordpress\/wp-json\/wp\/v2\/pages\/5"}],"wp:featuredmedia":[{"embeddable":true,"href":"https:\/\/www.diap7.fr\/wordpress\/wp-json\/wp\/v2\/media\/793"}],"wp:attachment":[{"href":"https:\/\/www.diap7.fr\/wordpress\/wp-json\/wp\/v2\/media?parent=772"}],"curies":[{"name":"wp","href":"https:\/\/api.w.org\/{rel}","templated":true}]}}